Last updated on 2024-08-16 03:49:17 CEST.
Flavor | Version | Tinstall | Tcheck | Ttotal | Status | Flags |
---|---|---|---|---|---|---|
r-devel-linux-x86_64-debian-clang | 2.0 | 8.29 | 98.89 | 107.18 | NOTE | |
r-devel-linux-x86_64-debian-gcc | 2.0 | 6.04 | 64.40 | 70.44 | NOTE | |
r-devel-linux-x86_64-fedora-clang | 2.0 | 174.82 | NOTE | |||
r-devel-linux-x86_64-fedora-gcc | 2.0 | 173.38 | NOTE | |||
r-devel-windows-x86_64 | 2.0 | 11.00 | 123.00 | 134.00 | NOTE | |
r-patched-linux-x86_64 | 2.0 | 11.42 | 87.57 | 98.99 | NOTE | |
r-release-linux-x86_64 | 2.0 | 8.93 | 88.48 | 97.41 | NOTE | |
r-release-macos-arm64 | 2.0 | 70.00 | NOTE | |||
r-release-macos-x86_64 | 2.0 | 176.00 | NOTE | |||
r-release-windows-x86_64 | 2.0 | 11.00 | 121.00 | 132.00 | NOTE | |
r-oldrel-macos-arm64 | 2.0 | 69.00 | WARN | |||
r-oldrel-macos-x86_64 | 2.0 | 154.00 | WARN | |||
r-oldrel-windows-x86_64 | 2.0 | 10.00 | 137.00 | 147.00 | WARN |
Version: 2.0
Check: package dependencies
Result: NOTE
Package suggested but not available for checking: ‘ArchaeoData’
Flavors: r-devel-linux-x86_64-debian-clang, r-devel-linux-x86_64-debian-gcc, r-devel-linux-x86_64-fedora-clang, r-devel-linux-x86_64-fedora-gcc, r-devel-windows-x86_64, r-patched-linux-x86_64, r-release-linux-x86_64, r-release-macos-arm64, r-release-macos-x86_64, r-release-windows-x86_64, r-oldrel-macos-arm64, r-oldrel-macos-x86_64, r-oldrel-windows-x86_64
Version: 2.0
Check: Rd cross-references
Result: NOTE
Found the following Rd file(s) with Rd \link{} targets missing package
anchors:
ActivityEvents-class.Rd: TimeSeries-class
ArchaeoPhases-package.Rd: TimeScale-class
CumulativeEvents-class.Rd: TimeSeries-class
activity.Rd: TimeScale-class
as_events.Rd: TimeScale-class
as_phases.Rd: TimeScale-class
bury.Rd: TimeScale-class
data.frame.Rd: TimeScale-class
interval_credible.Rd: TimeScale-class
interval_hdr.Rd: TimeScale-class
occurrence.Rd: TimeScale-class
plot_events.Rd: TimeScale-class
plot_phases.Rd: TimeScale-class
read_bcal.Rd: TimeScale-class
read_chronomodel.Rd: TimeScale-class
read_oxcal.Rd: TimeScale-class
summary.Rd: TimeScale-class
tempo.Rd: TimeScale-class
Please provide package anchors for all Rd \link{} targets not in the
package itself and the base packages.
Flavors: r-devel-linux-x86_64-debian-clang, r-devel-linux-x86_64-debian-gcc, r-devel-windows-x86_64
Version: 2.0
Check: Rd cross-references
Result: NOTE
Undeclared package ‘digest’ in Rd xrefs
Flavor: r-devel-linux-x86_64-fedora-clang
Version: 2.0
Check: whether package can be installed
Result: WARN
Found the following significant warnings:
Warning: read_bcal.Rd:27: unknown macro '\abbr'
Warning: read_chronomodel.Rd:36: unknown macro '\abbr'
Warning: read_oxcal.Rd:27: unknown macro '\abbr'
Flavors: r-oldrel-macos-arm64, r-oldrel-macos-x86_64, r-oldrel-windows-x86_64
Version: 2.0
Check: Rd files
Result: WARN
prepare_Rd: read_bcal.Rd:27: unknown macro '\abbr'
prepare_Rd: read_chronomodel.Rd:36: unknown macro '\abbr'
prepare_Rd: read_oxcal.Rd:27: unknown macro '\abbr'
Flavors: r-oldrel-macos-arm64, r-oldrel-macos-x86_64, r-oldrel-windows-x86_64