Last updated on 2024-06-30 02:58:38 CEST.
Flavor | Version | Tinstall | Tcheck | Ttotal | Status | Flags |
---|---|---|---|---|---|---|
r-devel-linux-x86_64-debian-clang | 1.0.2 | 265.13 | 117.48 | 382.61 | NOTE | |
r-devel-linux-x86_64-debian-gcc | 1.0.2 | 184.37 | 87.33 | 271.70 | NOTE | |
r-devel-linux-x86_64-fedora-clang | 1.0.2 | 530.56 | NOTE | |||
r-devel-linux-x86_64-fedora-gcc | 1.0.2 | 585.63 | NOTE | |||
r-devel-windows-x86_64 | 1.0.2 | 200.00 | 152.00 | 352.00 | NOTE | |
r-patched-linux-x86_64 | 1.0.2 | 174.63 | 113.69 | 288.32 | NOTE | |
r-release-linux-x86_64 | 1.0.2 | 235.29 | 114.55 | 349.84 | NOTE | |
r-release-macos-arm64 | 1.0.2 | 119.00 | NOTE | |||
r-release-macos-x86_64 | 1.0.2 | 152.00 | NOTE | |||
r-release-windows-x86_64 | 1.0.2 | 191.00 | 155.00 | 346.00 | NOTE | |
r-oldrel-macos-arm64 | 1.0.2 | 159.00 | NOTE | |||
r-oldrel-macos-x86_64 | 1.0.2 | 157.00 | NOTE | |||
r-oldrel-windows-x86_64 | 1.0.2 | 239.00 | 173.00 | 412.00 | NOTE |
Version: 1.0.2
Check: C++ specification
Result: NOTE
Specified C++11: please drop specification unless essential
Flavors: r-devel-linux-x86_64-debian-clang, r-devel-linux-x86_64-debian-gcc, r-devel-linux-x86_64-fedora-clang, r-devel-linux-x86_64-fedora-gcc, r-devel-windows-x86_64, r-patched-linux-x86_64, r-release-linux-x86_64, r-release-macos-arm64, r-release-macos-x86_64, r-release-windows-x86_64, r-oldrel-macos-arm64, r-oldrel-macos-x86_64, r-oldrel-windows-x86_64
Version: 1.0.2
Check: installed package size
Result: NOTE
installed size is 15.4Mb
sub-directories of 1Mb or more:
libs 14.1Mb
Flavors: r-release-macos-arm64, r-release-macos-x86_64, r-oldrel-macos-arm64, r-oldrel-macos-x86_64