Last updated on 2024-06-16 02:55:20 CEST.
Flavor | Version | Tinstall | Tcheck | Ttotal | Status | Flags |
---|---|---|---|---|---|---|
r-devel-linux-x86_64-debian-clang | 0.2.0 | 5.53 | 45.66 | 51.19 | OK | |
r-devel-linux-x86_64-debian-gcc | 0.2.0 | 4.71 | 34.17 | 38.88 | OK | |
r-devel-linux-x86_64-fedora-clang | 0.2.0 | 64.99 | OK | |||
r-devel-linux-x86_64-fedora-gcc | 0.2.0 | 61.07 | OK | |||
r-devel-windows-x86_64 | 0.2.0 | 6.00 | 56.00 | 62.00 | OK | |
r-patched-linux-x86_64 | 0.2.0 | 5.26 | 44.29 | 49.55 | OK | |
r-release-linux-x86_64 | 0.2.0 | 5.86 | 43.01 | 48.87 | OK | |
r-release-macos-arm64 | 0.2.0 | 21.00 | OK | |||
r-release-macos-x86_64 | 0.2.0 | 32.00 | OK | |||
r-release-windows-x86_64 | 0.2.0 | 6.00 | 57.00 | 63.00 | FAIL | |
r-oldrel-macos-arm64 | 0.2.0 | 22.00 | OK | |||
r-oldrel-macos-x86_64 | 0.2.0 | 32.00 | OK | |||
r-oldrel-windows-x86_64 | 0.2.0 | 8.00 | 62.00 | 70.00 | OK |
Version: 0.2.0
Check: HTML version of manual
Result: FAIL
Flavor: r-release-windows-x86_64