Last updated on 2024-06-30 02:58:38 CEST.
Flavor | Version | Tinstall | Tcheck | Ttotal | Status | Flags |
---|---|---|---|---|---|---|
r-devel-linux-x86_64-debian-clang | 1.1 | 3.03 | 27.75 | 30.78 | NOTE | |
r-devel-linux-x86_64-debian-gcc | 1.1 | 2.03 | 21.78 | 23.81 | NOTE | |
r-devel-linux-x86_64-fedora-clang | 1.1 | 38.93 | NOTE | |||
r-devel-linux-x86_64-fedora-gcc | 1.1 | 36.92 | NOTE | |||
r-devel-windows-x86_64 | 1.1 | 3.00 | 50.00 | 53.00 | NOTE | |
r-patched-linux-x86_64 | 1.1 | 2.75 | 26.78 | 29.53 | NOTE | |
r-release-linux-x86_64 | 1.1 | 2.59 | 26.84 | 29.43 | NOTE | |
r-release-macos-arm64 | 1.1 | 16.00 | NOTE | |||
r-release-macos-x86_64 | 1.1 | 23.00 | NOTE | |||
r-release-windows-x86_64 | 1.1 | 4.00 | 49.00 | 53.00 | NOTE | |
r-oldrel-macos-arm64 | 1.1 | 16.00 | NOTE | |||
r-oldrel-macos-x86_64 | 1.1 | 22.00 | NOTE | |||
r-oldrel-windows-x86_64 | 1.1 | 3.00 | 52.00 | 55.00 | NOTE |
Version: 1.1
Check: LazyData
Result: NOTE
'LazyData' is specified without a 'data' directory
Flavors: r-devel-linux-x86_64-debian-clang, r-devel-linux-x86_64-debian-gcc, r-devel-linux-x86_64-fedora-clang, r-devel-linux-x86_64-fedora-gcc, r-devel-windows-x86_64, r-patched-linux-x86_64, r-release-linux-x86_64, r-release-macos-arm64, r-release-macos-x86_64, r-release-windows-x86_64, r-oldrel-macos-arm64, r-oldrel-macos-x86_64, r-oldrel-windows-x86_64
Version: 1.1
Check: Rd cross-references
Result: NOTE
Undeclared packages ‘Hmisc’, ‘gtools’ in Rd xrefs
Flavor: r-devel-linux-x86_64-fedora-clang