Last updated on 2024-08-16 03:49:20 CEST.
Flavor | Version | Tinstall | Tcheck | Ttotal | Status | Flags |
---|---|---|---|---|---|---|
r-devel-linux-x86_64-debian-clang | 1.2.4 | 2.90 | 20.30 | 23.20 | OK | |
r-devel-linux-x86_64-debian-gcc | 1.2.4 | 2.27 | 15.03 | 17.30 | OK | |
r-devel-linux-x86_64-fedora-clang | 1.2.4 | 36.33 | NOTE | |||
r-devel-linux-x86_64-fedora-gcc | 1.2.4 | 34.46 | NOTE | |||
r-devel-windows-x86_64 | 1.2.4 | 5.00 | 39.00 | 44.00 | OK | |
r-patched-linux-x86_64 | 1.2.4 | 3.00 | 18.56 | 21.56 | OK | |
r-release-linux-x86_64 | 1.2.4 | 2.71 | 18.37 | 21.08 | OK | |
r-release-macos-arm64 | 1.2.4 | 17.00 | OK | |||
r-release-macos-x86_64 | 1.2.4 | 25.00 | OK | |||
r-release-windows-x86_64 | 1.2.4 | 5.00 | 38.00 | 43.00 | OK | |
r-oldrel-macos-arm64 | 1.2.4 | 19.00 | OK | |||
r-oldrel-macos-x86_64 | 1.2.4 | 24.00 | OK | |||
r-oldrel-windows-x86_64 | 1.2.4 | 7.00 | 38.00 | 45.00 | OK |
Version: 1.2.4
Check: top-level files
Result: NOTE
‘cleanup’: /bin/bash is not portable
Flavors: r-devel-linux-x86_64-fedora-clang, r-devel-linux-x86_64-fedora-gcc