Last updated on 2024-06-30 02:58:40 CEST.
Flavor | Version | Tinstall | Tcheck | Ttotal | Status | Flags |
---|---|---|---|---|---|---|
r-devel-linux-x86_64-debian-clang | 0.0-1 | 12.10 | 196.85 | 208.95 | NOTE | |
r-devel-linux-x86_64-debian-gcc | 0.0-1 | 10.33 | 140.78 | 151.11 | NOTE | |
r-devel-linux-x86_64-fedora-clang | 0.0-1 | 262.31 | NOTE | |||
r-devel-linux-x86_64-fedora-gcc | 0.0-1 | 245.55 | NOTE | |||
r-devel-windows-x86_64 | 0.0-1 | 12.00 | 149.00 | 161.00 | NOTE | |
r-patched-linux-x86_64 | 0.0-1 | 9.30 | 188.29 | 197.59 | NOTE | |
r-release-linux-x86_64 | 0.0-1 | 8.93 | 185.48 | 194.41 | NOTE | |
r-release-macos-arm64 | 0.0-1 | 63.00 | NOTE | |||
r-release-macos-x86_64 | 0.0-1 | 98.00 | NOTE | |||
r-release-windows-x86_64 | 0.0-1 | 11.00 | 147.00 | 158.00 | NOTE | |
r-oldrel-macos-arm64 | 0.0-1 | 80.00 | OK | |||
r-oldrel-macos-x86_64 | 0.0-1 | 116.00 | OK | |||
r-oldrel-windows-x86_64 | 0.0-1 | 16.00 | 191.00 | 207.00 | OK |
Version: 0.0-1
Check: Rd files
Result: NOTE
checkRd: (-1) setCPT.O.Rd:85: Lost braces; missing escapes or markup?
85 | statespace {0,1,2}, which this is *not* checked anywhere. Thus, if
| ^
Flavors: r-devel-linux-x86_64-debian-clang, r-devel-linux-x86_64-debian-gcc, r-devel-linux-x86_64-fedora-clang, r-devel-linux-x86_64-fedora-gcc, r-devel-windows-x86_64, r-patched-linux-x86_64, r-release-linux-x86_64, r-release-macos-arm64, r-release-macos-x86_64, r-release-windows-x86_64