Last updated on 2024-06-30 02:58:40 CEST.
Flavor | Version | Tinstall | Tcheck | Ttotal | Status | Flags |
---|---|---|---|---|---|---|
r-devel-linux-x86_64-debian-clang | 0.1.0 | 16.73 | 125.17 | 141.90 | OK | |
r-devel-linux-x86_64-debian-gcc | 0.1.0 | 12.03 | 91.61 | 103.64 | OK | |
r-devel-linux-x86_64-fedora-clang | 0.1.0 | 167.45 | NOTE | |||
r-devel-linux-x86_64-fedora-gcc | 0.1.0 | 173.49 | NOTE | |||
r-devel-windows-x86_64 | 0.1.0 | 13.00 | 99.00 | 112.00 | OK | |
r-patched-linux-x86_64 | 0.1.0 | 8.97 | 115.00 | 123.97 | OK | |
r-release-linux-x86_64 | 0.1.0 | 9.96 | 120.26 | 130.22 | OK | |
r-release-macos-arm64 | 0.1.0 | 47.00 | OK | |||
r-release-macos-x86_64 | 0.1.0 | 86.00 | OK | |||
r-release-windows-x86_64 | 0.1.0 | 13.00 | 98.00 | 111.00 | OK | |
r-oldrel-macos-arm64 | 0.1.0 | 53.00 | OK | |||
r-oldrel-macos-x86_64 | 0.1.0 | 84.00 | OK | |||
r-oldrel-windows-x86_64 | 0.1.0 | 18.00 | 123.00 | 141.00 | OK |
Version: 0.1.0
Check: dependencies in R code
Result: NOTE
Namespaces in Imports field not imported from:
‘reticulate’ ‘tensorflow’
All declared Imports should be used.
Flavors: r-devel-linux-x86_64-fedora-clang, r-devel-linux-x86_64-fedora-gcc