Last updated on 2024-06-30 02:58:41 CEST.
Flavor | Version | Tinstall | Tcheck | Ttotal | Status | Flags |
---|---|---|---|---|---|---|
r-devel-linux-x86_64-debian-clang | 1.1.7 | 37.46 | 87.03 | 124.49 | OK | |
r-devel-linux-x86_64-debian-gcc | 1.1.7 | 27.29 | 56.25 | 83.54 | OK | |
r-devel-linux-x86_64-fedora-clang | 1.1.7 | 152.27 | NOTE | |||
r-devel-linux-x86_64-fedora-gcc | 1.1.7 | 148.66 | OK | |||
r-devel-windows-x86_64 | 1.1.7 | 32.00 | 79.00 | 111.00 | OK | |
r-patched-linux-x86_64 | 1.1.7 | 37.76 | 72.90 | 110.66 | OK | |
r-release-linux-x86_64 | 1.1.7 | 36.61 | 74.50 | 111.11 | OK | |
r-release-macos-arm64 | 1.1.7 | 44.00 | OK | |||
r-release-macos-x86_64 | 1.1.7 | 54.00 | OK | |||
r-release-windows-x86_64 | 1.1.7 | 32.00 | 76.00 | 108.00 | OK | |
r-oldrel-macos-arm64 | 1.1.7 | 47.00 | OK | |||
r-oldrel-macos-x86_64 | 1.1.7 | 73.00 | OK | |||
r-oldrel-windows-x86_64 | 1.1.7 | 39.00 | 91.00 | 130.00 | OK |
Version: 1.1.7
Check: installed package size
Result: NOTE
installed size is 5.2Mb
sub-directories of 1Mb or more:
libs 4.7Mb
Flavor: r-devel-linux-x86_64-fedora-clang