Last updated on 2024-08-08 15:48:21 CEST.
Flavor | Version | Tinstall | Tcheck | Ttotal | Status | Flags |
---|---|---|---|---|---|---|
r-devel-linux-x86_64-debian-clang | 1.2.2 | 19.94 | 93.13 | 113.07 | NOTE | |
r-devel-linux-x86_64-debian-gcc | 1.2.2 | 12.35 | 56.79 | 69.14 | NOTE | |
r-devel-linux-x86_64-fedora-clang | 1.2.2 | 186.72 | NOTE | |||
r-devel-linux-x86_64-fedora-gcc | 1.2.2 | 172.04 | NOTE | |||
r-devel-windows-x86_64 | 1.2.2 | 19.00 | 100.00 | 119.00 | NOTE | |
r-patched-linux-x86_64 | 1.2.2 | 20.31 | 87.49 | 107.80 | NOTE | |
r-release-linux-x86_64 | 1.2.2 | 19.81 | 87.26 | 107.07 | NOTE | |
r-release-macos-arm64 | 1.2.2 | 41.00 | NOTE | |||
r-release-macos-x86_64 | 1.2.2 | 106.00 | NOTE | |||
r-release-windows-x86_64 | 1.2.2 | 18.00 | 100.00 | 118.00 | NOTE | |
r-oldrel-macos-arm64 | 1.2.2 | 47.00 | NOTE | |||
r-oldrel-macos-x86_64 | 1.2.2 | 80.00 | NOTE | |||
r-oldrel-windows-x86_64 | 1.2.2 | 22.00 | 124.00 | 146.00 | NOTE |
Version: 1.2.2
Check: Rd files
Result: NOTE
checkRd: (-1) ccF.Rd:5: Escaped LaTeX specials: \&
checkRd: (-1) ccF.Rd:32: Escaped LaTeX specials: \&
checkRd: (-1) ccF.Rd:29: Escaped LaTeX specials: \&
checkRd: (-1) ccF.Rd:42: Lost braces
42 | CALI\'{N}SKI, T.; CORSTEN, L. C. A. Clustering
| ^
Flavors: r-devel-linux-x86_64-debian-clang, r-devel-linux-x86_64-debian-gcc, r-devel-linux-x86_64-fedora-clang, r-devel-linux-x86_64-fedora-gcc, r-devel-windows-x86_64, r-patched-linux-x86_64, r-release-linux-x86_64, r-release-macos-arm64, r-release-macos-x86_64, r-release-windows-x86_64
Version: 1.2.2
Check: Rd files
Result: NOTE
checkRd: (-1) ccF.Rd:5: Escaped LaTeX specials: \&
checkRd: (-1) ccF.Rd:32: Escaped LaTeX specials: \&
checkRd: (-1) ccF.Rd:29: Escaped LaTeX specials: \&
Flavors: r-oldrel-macos-arm64, r-oldrel-macos-x86_64, r-oldrel-windows-x86_64