Last updated on 2024-08-16 03:49:23 CEST.
Flavor | Version | Tinstall | Tcheck | Ttotal | Status | Flags |
---|---|---|---|---|---|---|
r-devel-linux-x86_64-debian-clang | 1.0.0 | 12.83 | 119.04 | 131.87 | NOTE | |
r-devel-linux-x86_64-debian-gcc | 1.0.0 | 10.06 | 84.69 | 94.75 | NOTE | |
r-devel-linux-x86_64-fedora-clang | 1.0.0 | 203.52 | NOTE | |||
r-devel-linux-x86_64-fedora-gcc | 1.0.0 | 205.08 | NOTE | |||
r-devel-windows-x86_64 | 1.0.0 | 13.00 | 117.00 | 130.00 | NOTE | |
r-patched-linux-x86_64 | 1.0.0 | 11.94 | 109.18 | 121.12 | NOTE | |
r-release-linux-x86_64 | 1.0.0 | 11.69 | 108.48 | 120.17 | NOTE | |
r-release-macos-arm64 | 1.0.0 | 65.00 | NOTE | |||
r-release-macos-x86_64 | 1.0.0 | 93.00 | NOTE | |||
r-release-windows-x86_64 | 1.0.0 | 12.00 | 114.00 | 126.00 | NOTE | |
r-oldrel-macos-arm64 | 1.0.0 | 69.00 | OK | |||
r-oldrel-macos-x86_64 | 1.0.0 | 113.00 | OK | |||
r-oldrel-windows-x86_64 | 1.0.0 | 17.00 | 140.00 | 157.00 | OK |
Version: 1.0.0
Check: Rd files
Result: NOTE
checkRd: (-1) mutlicol_terminator.Rd:23: Lost braces in \itemize; \value handles \item{}{} directly
checkRd: (-1) mutlicol_terminator.Rd:24: Lost braces in \itemize; \value handles \item{}{} directly
checkRd: (-1) mutlicol_terminator.Rd:25: Lost braces in \itemize; \value handles \item{}{} directly
checkRd: (-1) mutlicol_terminator.Rd:26: Lost braces in \itemize; \value handles \item{}{} directly
checkRd: (-1) rfeTerminator.Rd:42: Lost braces in \itemize; \value handles \item{}{} directly
checkRd: (-1) rfeTerminator.Rd:43: Lost braces in \itemize; \value handles \item{}{} directly
checkRd: (-1) rfeTerminator.Rd:44: Lost braces in \itemize; \value handles \item{}{} directly
checkRd: (-1) rfeTerminator.Rd:45: Lost braces in \itemize; \value handles \item{}{} directly
Flavors: r-devel-linux-x86_64-debian-clang, r-devel-linux-x86_64-debian-gcc, r-devel-linux-x86_64-fedora-clang, r-devel-linux-x86_64-fedora-gcc, r-devel-windows-x86_64, r-patched-linux-x86_64, r-release-linux-x86_64, r-release-macos-arm64, r-release-macos-x86_64, r-release-windows-x86_64
Version: 1.0.0
Check: dependencies in R code
Result: NOTE
Namespaces in Imports field not imported from:
‘e1071’ ‘lattice’ ‘randomForest’ ‘tibble’ ‘utils’
All declared Imports should be used.
Flavors: r-devel-linux-x86_64-fedora-clang, r-devel-linux-x86_64-fedora-gcc