Last updated on 2024-06-30 02:58:42 CEST.
Flavor | Version | Tinstall | Tcheck | Ttotal | Status | Flags |
---|---|---|---|---|---|---|
r-devel-linux-x86_64-debian-clang | 0.1 | 60.19 | 27.44 | 87.63 | OK | |
r-devel-linux-x86_64-debian-gcc | 0.1 | 42.30 | 21.75 | 64.05 | OK | |
r-devel-linux-x86_64-fedora-clang | 0.1 | 124.24 | OK | |||
r-devel-linux-x86_64-fedora-gcc | 0.1 | 125.43 | OK | |||
r-devel-windows-x86_64 | 0.1 | 45.00 | 62.00 | 107.00 | OK | |
r-patched-linux-x86_64 | 0.1 | 51.04 | 26.84 | 77.88 | OK | |
r-release-linux-x86_64 | 0.1 | 47.84 | 26.74 | 74.58 | OK | |
r-release-macos-arm64 | 0.1 | 29.00 | NOTE | |||
r-release-macos-x86_64 | 0.1 | 33.00 | NOTE | |||
r-release-windows-x86_64 | 0.1 | 45.00 | 62.00 | 107.00 | OK | |
r-oldrel-macos-arm64 | 0.1 | 35.00 | NOTE | |||
r-oldrel-macos-x86_64 | 0.1 | 52.00 | NOTE | |||
r-oldrel-windows-x86_64 | 0.1 | 54.00 | 68.00 | 122.00 | OK |
Version: 0.1
Check: installed package size
Result: NOTE
installed size is 7.4Mb
sub-directories of 1Mb or more:
libs 7.3Mb
Flavors: r-release-macos-arm64, r-release-macos-x86_64, r-oldrel-macos-arm64, r-oldrel-macos-x86_64