Last updated on 2024-06-30 02:58:43 CEST.
Flavor | Version | Tinstall | Tcheck | Ttotal | Status | Flags |
---|---|---|---|---|---|---|
r-devel-linux-x86_64-debian-clang | 0.1.0-6 | 230.70 | 50.98 | 281.68 | OK | |
r-devel-linux-x86_64-debian-gcc | 0.1.0-6 | 187.39 | 45.20 | 232.59 | OK | |
r-devel-linux-x86_64-fedora-clang | 0.1.0-6 | 340.57 | OK | |||
r-devel-linux-x86_64-fedora-gcc | 0.1.0-6 | 468.23 | OK | |||
r-devel-windows-x86_64 | 0.1.0-6 | 152.00 | 89.00 | 241.00 | OK | |
r-patched-linux-x86_64 | 0.1.0-6 | 224.17 | 57.75 | 281.92 | OK | |
r-release-linux-x86_64 | 0.1.0-6 | 227.45 | 56.94 | 284.39 | OK | |
r-release-macos-arm64 | 0.1.0-6 | 92.00 | NOTE | |||
r-release-macos-x86_64 | 0.1.0-6 | 90.00 | NOTE | |||
r-release-windows-x86_64 | 0.1.0-6 | 146.00 | 90.00 | 236.00 | OK | |
r-oldrel-macos-arm64 | 0.1.0-6 | 98.00 | NOTE | |||
r-oldrel-macos-x86_64 | 0.1.0-6 | 152.00 | NOTE | |||
r-oldrel-windows-x86_64 | 0.1.0-6 | 185.00 | 104.00 | 289.00 | OK |
Version: 0.1.0-6
Check: installed package size
Result: NOTE
installed size is 35.8Mb
sub-directories of 1Mb or more:
libs 35.4Mb
Flavors: r-release-macos-arm64, r-release-macos-x86_64, r-oldrel-macos-arm64, r-oldrel-macos-x86_64