Last updated on 2024-08-16 03:49:24 CEST.
Flavor | Version | Tinstall | Tcheck | Ttotal | Status | Flags |
---|---|---|---|---|---|---|
r-devel-linux-x86_64-debian-clang | 1.4 | 8.54 | 588.68 | 597.22 | OK | |
r-devel-linux-x86_64-debian-gcc | 1.4 | 6.80 | 368.16 | 374.96 | OK | |
r-devel-linux-x86_64-fedora-clang | 1.4 | 988.47 | NOTE | |||
r-devel-linux-x86_64-fedora-gcc | 1.4 | 952.54 | OK | |||
r-devel-windows-x86_64 | 1.4 | 11.00 | 136.00 | 147.00 | NOTE | --no-vignettes |
r-patched-linux-x86_64 | 1.4 | 9.68 | 543.04 | 552.72 | OK | |
r-release-linux-x86_64 | 1.4 | 7.35 | 541.98 | 549.33 | OK | |
r-release-macos-arm64 | 1.4 | 216.00 | NOTE | |||
r-release-macos-x86_64 | 1.4 | 393.00 | NOTE | |||
r-release-windows-x86_64 | 1.4 | 12.00 | 134.00 | 146.00 | NOTE | --no-vignettes |
r-oldrel-macos-arm64 | 1.4 | 212.00 | NOTE | |||
r-oldrel-macos-x86_64 | 1.4 | 551.00 | NOTE | |||
r-oldrel-windows-x86_64 | 1.4 | 13.00 | 142.00 | 155.00 | NOTE | --no-vignettes |
Version: 1.4
Check: installed package size
Result: NOTE
installed size is 5.3Mb
sub-directories of 1Mb or more:
data 1.4Mb
doc 3.5Mb
Flavors: r-devel-linux-x86_64-fedora-clang, r-release-macos-arm64, r-release-macos-x86_64, r-oldrel-macos-arm64, r-oldrel-macos-x86_64
Version: 1.4
Flags: --no-vignettes
Check: installed package size
Result: NOTE
installed size is 5.2Mb
sub-directories of 1Mb or more:
data 1.4Mb
doc 3.5Mb
Flavors: r-devel-windows-x86_64, r-release-windows-x86_64, r-oldrel-windows-x86_64