Last updated on 2024-06-30 02:58:43 CEST.
Flavor | Version | Tinstall | Tcheck | Ttotal | Status | Flags |
---|---|---|---|---|---|---|
r-devel-linux-x86_64-debian-clang | 2.7.4 | 15.06 | 143.97 | 159.03 | NOTE | |
r-devel-linux-x86_64-debian-gcc | 2.7.4 | 9.62 | 105.85 | 115.47 | NOTE | |
r-devel-linux-x86_64-fedora-clang | 2.7.4 | 195.20 | NOTE | |||
r-devel-linux-x86_64-fedora-gcc | 2.7.4 | 184.15 | NOTE | |||
r-devel-windows-x86_64 | 2.7.4 | 16.00 | 137.00 | 153.00 | NOTE | |
r-patched-linux-x86_64 | 2.7.4 | 14.31 | 135.70 | 150.01 | NOTE | |
r-release-linux-x86_64 | 2.7.4 | 8.31 | 135.44 | 143.75 | NOTE | |
r-release-macos-arm64 | 2.7.4 | 54.00 | NOTE | |||
r-release-macos-x86_64 | 2.7.4 | 148.00 | NOTE | |||
r-release-windows-x86_64 | 2.7.4 | 15.00 | 140.00 | 155.00 | ERROR | |
r-oldrel-macos-arm64 | 2.7.4 | 58.00 | NOTE | |||
r-oldrel-macos-x86_64 | 2.7.4 | 96.00 | NOTE | |||
r-oldrel-windows-x86_64 | 2.7.4 | 20.00 | 189.00 | 209.00 | NOTE |
Version: 2.7.4
Check: C++ specification
Result: NOTE
Specified C++11: please drop specification unless essential
Flavors: r-devel-linux-x86_64-debian-clang, r-devel-linux-x86_64-debian-gcc, r-devel-linux-x86_64-fedora-clang, r-devel-linux-x86_64-fedora-gcc, r-devel-windows-x86_64, r-patched-linux-x86_64, r-release-linux-x86_64, r-release-macos-arm64, r-release-macos-x86_64, r-release-windows-x86_64, r-oldrel-macos-arm64, r-oldrel-macos-x86_64, r-oldrel-windows-x86_64
Version: 2.7.4
Check: tests
Result: ERROR
Running 'testthat.R' [28s]
Running the tests in 'tests/testthat.R' failed.
Complete output:
> library(testthat);
> library(HEMDAG);
HEMDAG: Hierarchical Ensemble Methods for DAG-structured taxonomies
Please cite HEMDAG if you use it: see citation('HEMDAG') for details
>
> test_check("HEMDAG");
[ FAIL 0 | WARN 0 | SKIP 2 | PASS 358 ]
══ Skipped tests (2) ═══════════════════════════════════════════════════════════
• On CRAN (2): 'test.gpav.R:81:9', 'test.graph.utility.R:513:9'
[ FAIL 0 | WARN 0 | SKIP 2 | PASS 358 ]
>
> proc.time()
user system elapsed
20.48 1.64 27.25
Flavor: r-release-windows-x86_64