Last updated on 2024-06-30 02:58:43 CEST.
Flavor | Version | Tinstall | Tcheck | Ttotal | Status | Flags |
---|---|---|---|---|---|---|
r-devel-linux-x86_64-debian-clang | 1.0.8 | 72.45 | 158.94 | 231.39 | OK | |
r-devel-linux-x86_64-debian-gcc | 1.0.8 | 55.72 | 115.06 | 170.78 | OK | |
r-devel-linux-x86_64-fedora-clang | 1.0.8 | 319.72 | OK | |||
r-devel-linux-x86_64-fedora-gcc | 1.0.8 | 293.62 | OK | |||
r-devel-windows-x86_64 | 1.0.8 | 60.00 | 161.00 | 221.00 | OK | |
r-patched-linux-x86_64 | 1.0.8 | 45.99 | 147.86 | 193.85 | OK | |
r-release-linux-x86_64 | 1.0.8 | 47.20 | 150.74 | 197.94 | OK | |
r-release-macos-arm64 | 1.0.8 | 72.00 | NOTE | |||
r-release-macos-x86_64 | 1.0.8 | 108.00 | NOTE | |||
r-release-windows-x86_64 | 1.0.8 | 60.00 | 160.00 | 220.00 | OK | |
r-oldrel-macos-arm64 | 1.0.8 | 81.00 | NOTE | |||
r-oldrel-macos-x86_64 | 1.0.8 | 176.00 | NOTE | |||
r-oldrel-windows-x86_64 | 1.0.8 | 76.00 | 201.00 | 277.00 | OK |
Version: 1.0.8
Check: installed package size
Result: NOTE
installed size is 6.9Mb
sub-directories of 1Mb or more:
data 1.0Mb
libs 4.9Mb
Flavors: r-release-macos-arm64, r-release-macos-x86_64, r-oldrel-macos-arm64, r-oldrel-macos-x86_64