Last updated on 2024-06-30 02:58:44 CEST.
Flavor | Version | Tinstall | Tcheck | Ttotal | Status | Flags |
---|---|---|---|---|---|---|
r-devel-linux-x86_64-debian-clang | 1.4 | 99.17 | 36.16 | 135.33 | NOTE | |
r-devel-linux-x86_64-debian-gcc | 1.4 | 62.53 | 26.96 | 89.49 | NOTE | |
r-devel-linux-x86_64-fedora-clang | 1.4 | 202.12 | NOTE | |||
r-devel-linux-x86_64-fedora-gcc | 1.4 | 197.92 | NOTE | |||
r-devel-windows-x86_64 | 1.4 | 76.00 | 75.00 | 151.00 | NOTE | |
r-patched-linux-x86_64 | 1.4 | 76.25 | 32.92 | 109.17 | NOTE | |
r-release-linux-x86_64 | 1.4 | 80.55 | 34.24 | 114.79 | NOTE | |
r-release-macos-arm64 | 1.4 | 39.00 | NOTE | |||
r-release-macos-x86_64 | 1.4 | 44.00 | NOTE | |||
r-release-windows-x86_64 | 1.4 | 76.00 | 76.00 | 152.00 | NOTE | |
r-oldrel-macos-arm64 | 1.4 | 48.00 | NOTE | |||
r-oldrel-macos-x86_64 | 1.4 | 80.00 | NOTE | |||
r-oldrel-windows-x86_64 | 1.4 | 93.00 | 79.00 | 172.00 | NOTE |
Version: 1.4
Check: C++ specification
Result: NOTE
Specified C++11: please drop specification unless essential
Flavors: r-devel-linux-x86_64-debian-clang, r-devel-linux-x86_64-debian-gcc, r-devel-linux-x86_64-fedora-clang, r-devel-linux-x86_64-fedora-gcc, r-devel-windows-x86_64, r-patched-linux-x86_64, r-release-linux-x86_64, r-release-macos-arm64, r-release-macos-x86_64, r-release-windows-x86_64, r-oldrel-macos-arm64, r-oldrel-macos-x86_64, r-oldrel-windows-x86_64