Last updated on 2024-06-30 02:58:44 CEST.
Flavor | Version | Tinstall | Tcheck | Ttotal | Status | Flags |
---|---|---|---|---|---|---|
r-devel-linux-x86_64-debian-clang | 0.1.40 | 9.39 | 62.32 | 71.71 | OK | |
r-devel-linux-x86_64-debian-gcc | 0.1.40 | 7.11 | 46.57 | 53.68 | OK | |
r-devel-linux-x86_64-fedora-clang | 0.1.40 | 87.30 | NOTE | |||
r-devel-linux-x86_64-fedora-gcc | 0.1.40 | 87.00 | NOTE | |||
r-devel-windows-x86_64 | 0.1.40 | 9.00 | 64.00 | 73.00 | OK | |
r-patched-linux-x86_64 | 0.1.40 | 6.56 | 59.51 | 66.07 | OK | |
r-release-linux-x86_64 | 0.1.40 | 9.13 | 59.28 | 68.41 | OK | |
r-release-macos-arm64 | 0.1.40 | 29.00 | OK | |||
r-release-macos-x86_64 | 0.1.40 | 42.00 | OK | |||
r-release-windows-x86_64 | 0.1.40 | 8.00 | 64.00 | 72.00 | OK | |
r-oldrel-macos-arm64 | 0.1.40 | 30.00 | OK | |||
r-oldrel-macos-x86_64 | 0.1.40 | 44.00 | OK | |||
r-oldrel-windows-x86_64 | 0.1.40 | 11.00 | 74.00 | 85.00 | OK |
Version: 0.1.40
Check: dependencies in R code
Result: NOTE
Namespace in Imports field not imported from: ‘rmarkdown’
All declared Imports should be used.
Flavors: r-devel-linux-x86_64-fedora-clang, r-devel-linux-x86_64-fedora-gcc