Last updated on 2024-06-30 02:58:44 CEST.
Flavor | Version | Tinstall | Tcheck | Ttotal | Status | Flags |
---|---|---|---|---|---|---|
r-devel-linux-x86_64-debian-clang | 1.0 | 40.20 | 77.12 | 117.32 | NOTE | |
r-devel-linux-x86_64-debian-gcc | 1.0 | 29.27 | 58.56 | 87.83 | NOTE | |
r-devel-linux-x86_64-fedora-clang | 1.0 | 160.48 | NOTE | |||
r-devel-linux-x86_64-fedora-gcc | 1.0 | 151.44 | NOTE | |||
r-devel-windows-x86_64 | 1.0 | 36.00 | 101.00 | 137.00 | NOTE | |
r-patched-linux-x86_64 | 1.0 | 35.40 | 73.70 | 109.10 | NOTE | |
r-release-linux-x86_64 | 1.0 | 28.45 | 74.31 | 102.76 | NOTE | |
r-release-macos-arm64 | 1.0 | 41.00 | NOTE | |||
r-release-macos-x86_64 | 1.0 | 87.00 | NOTE | |||
r-release-windows-x86_64 | 1.0 | 36.00 | 99.00 | 135.00 | NOTE | |
r-oldrel-macos-arm64 | 1.0 | 42.00 | NOTE | |||
r-oldrel-macos-x86_64 | 1.0 | 63.00 | NOTE | |||
r-oldrel-windows-x86_64 | 1.0 | 43.00 | 116.00 | 159.00 | NOTE |
Version: 1.0
Check: C++ specification
Result: NOTE
Specified C++11: please drop specification unless essential
Flavors: r-devel-linux-x86_64-debian-clang, r-devel-linux-x86_64-debian-gcc, r-devel-linux-x86_64-fedora-clang, r-devel-linux-x86_64-fedora-gcc, r-devel-windows-x86_64, r-patched-linux-x86_64, r-release-linux-x86_64, r-release-macos-arm64, r-release-macos-x86_64, r-release-windows-x86_64, r-oldrel-macos-arm64, r-oldrel-macos-x86_64, r-oldrel-windows-x86_64
Version: 1.0
Check: installed package size
Result: NOTE
installed size is 5.9Mb
sub-directories of 1Mb or more:
extdata 5.5Mb
Flavors: r-devel-linux-x86_64-fedora-clang, r-devel-windows-x86_64, r-release-macos-arm64, r-release-macos-x86_64, r-release-windows-x86_64, r-oldrel-macos-arm64, r-oldrel-macos-x86_64, r-oldrel-windows-x86_64