Last updated on 2024-06-30 02:58:46 CEST.
Flavor | Version | Tinstall | Tcheck | Ttotal | Status | Flags |
---|---|---|---|---|---|---|
r-devel-linux-x86_64-debian-clang | 0.4.0 | 45.59 | 78.98 | 124.57 | OK | |
r-devel-linux-x86_64-debian-gcc | 0.4.0 | 34.85 | 56.99 | 91.84 | OK | |
r-devel-linux-x86_64-fedora-clang | 0.4.0 | 173.98 | OK | |||
r-devel-linux-x86_64-fedora-gcc | 0.4.0 | 168.07 | OK | |||
r-devel-windows-x86_64 | 0.4.0 | 40.00 | 189.00 | 229.00 | OK | |
r-patched-linux-x86_64 | 0.4.0 | 42.17 | 72.96 | 115.13 | OK | |
r-release-linux-x86_64 | 0.4.0 | 32.57 | 73.69 | 106.26 | OK | |
r-release-macos-arm64 | 0.4.0 | 84.00 | NOTE | |||
r-release-macos-x86_64 | 0.4.0 | 145.00 | NOTE | |||
r-release-windows-x86_64 | 0.4.0 | 40.00 | 192.00 | 232.00 | OK | |
r-oldrel-macos-arm64 | 0.4.0 | 88.00 | NOTE | |||
r-oldrel-macos-x86_64 | 0.4.0 | 288.00 | NOTE | |||
r-oldrel-windows-x86_64 | 0.4.0 | 50.00 | 259.00 | 309.00 | OK |
Version: 0.4.0
Check: installed package size
Result: NOTE
installed size is 6.1Mb
sub-directories of 1Mb or more:
libs 5.0Mb
Flavors: r-release-macos-arm64, r-release-macos-x86_64, r-oldrel-macos-arm64, r-oldrel-macos-x86_64