Last updated on 2024-06-30 02:58:46 CEST.
Flavor | Version | Tinstall | Tcheck | Ttotal | Status | Flags |
---|---|---|---|---|---|---|
r-devel-linux-x86_64-debian-clang | 1.4.1 | 80.28 | 198.27 | 278.55 | OK | |
r-devel-linux-x86_64-debian-gcc | 1.4.1 | 56.72 | 156.83 | 213.55 | OK | |
r-devel-linux-x86_64-fedora-clang | 1.4.1 | 357.38 | OK | |||
r-devel-linux-x86_64-fedora-gcc | 1.4.1 | 384.94 | OK | |||
r-devel-windows-x86_64 | 1.4.1 | 80.00 | 194.00 | 274.00 | NOTE | |
r-patched-linux-x86_64 | 1.4.1 | 74.82 | 195.53 | 270.35 | OK | |
r-release-linux-x86_64 | 1.4.1 | 63.01 | 199.34 | 262.35 | OK | |
r-release-macos-arm64 | 1.4.1 | 89.00 | NOTE | |||
r-release-macos-x86_64 | 1.4.1 | 163.00 | NOTE | |||
r-release-windows-x86_64 | 1.4.1 | 80.00 | 196.00 | 276.00 | NOTE | |
r-oldrel-macos-arm64 | 1.4.1 | 119.00 | NOTE | |||
r-oldrel-macos-x86_64 | 1.4.1 | 200.00 | NOTE | |||
r-oldrel-windows-x86_64 | 1.4.1 | 102.00 | 232.00 | 334.00 | NOTE |
Version: 1.4.1
Check: package dependencies
Result: NOTE
Package suggested but not available for checking: 'doMC'
Flavors: r-devel-windows-x86_64, r-release-windows-x86_64, r-oldrel-windows-x86_64
Version: 1.4.1
Check: package dependencies
Result: NOTE
Packages suggested but not available for checking:
'SeqArray', 'SeqVarTools'
Flavor: r-release-macos-arm64
Version: 1.4.1
Check: installed package size
Result: NOTE
installed size is 6.6Mb
sub-directories of 1Mb or more:
libs 4.9Mb
Flavors: r-release-macos-arm64, r-release-macos-x86_64, r-oldrel-macos-arm64, r-oldrel-macos-x86_64
Version: 1.4.1
Check: package dependencies
Result: NOTE
Package suggested but not available for checking: ‘SeqVarTools’
Flavor: r-oldrel-macos-x86_64