Last updated on 2024-06-30 02:58:46 CEST.
Flavor | Version | Tinstall | Tcheck | Ttotal | Status | Flags |
---|---|---|---|---|---|---|
r-devel-linux-x86_64-debian-clang | 0.4.0 | 123.07 | 78.36 | 201.43 | NOTE | |
r-devel-linux-x86_64-debian-gcc | 0.4.0 | 80.84 | 62.31 | 143.15 | NOTE | |
r-devel-linux-x86_64-fedora-clang | 0.4.0 | 254.42 | NOTE | |||
r-devel-linux-x86_64-fedora-gcc | 0.4.0 | 290.01 | NOTE | |||
r-devel-windows-x86_64 | 0.4.0 | 87.00 | 98.00 | 185.00 | NOTE | |
r-patched-linux-x86_64 | 0.4.0 | 104.34 | 78.79 | 183.13 | NOTE | |
r-release-linux-x86_64 | 0.4.0 | 95.15 | 79.15 | 174.30 | NOTE | |
r-release-macos-arm64 | 0.4.0 | 65.00 | NOTE | |||
r-release-macos-x86_64 | 0.4.0 | 82.00 | NOTE | |||
r-release-windows-x86_64 | 0.4.0 | 83.00 | 94.00 | 177.00 | NOTE | |
r-oldrel-macos-arm64 | 0.4.0 | 81.00 | NOTE | |||
r-oldrel-macos-x86_64 | 0.4.0 | 123.00 | NOTE | |||
r-oldrel-windows-x86_64 | 0.4.0 | 104.00 | 122.00 | 226.00 | NOTE |
Version: 0.4.0
Check: C++ specification
Result: NOTE
Specified C++11: please drop specification unless essential
Flavors: r-devel-linux-x86_64-debian-clang, r-devel-linux-x86_64-debian-gcc, r-devel-linux-x86_64-fedora-clang, r-devel-linux-x86_64-fedora-gcc, r-devel-windows-x86_64, r-patched-linux-x86_64, r-release-linux-x86_64, r-release-macos-arm64, r-release-macos-x86_64, r-release-windows-x86_64, r-oldrel-macos-arm64, r-oldrel-macos-x86_64, r-oldrel-windows-x86_64
Version: 0.4.0
Check: LazyData
Result: NOTE
'LazyData' is specified without a 'data' directory
Flavors: r-devel-linux-x86_64-debian-clang, r-devel-linux-x86_64-debian-gcc, r-devel-linux-x86_64-fedora-clang, r-devel-linux-x86_64-fedora-gcc, r-devel-windows-x86_64, r-patched-linux-x86_64, r-release-linux-x86_64, r-release-macos-arm64, r-release-macos-x86_64, r-release-windows-x86_64, r-oldrel-macos-arm64, r-oldrel-macos-x86_64, r-oldrel-windows-x86_64
Version: 0.4.0
Check: Rd cross-references
Result: NOTE
Undeclared package ‘coda’ in Rd xrefs
Flavor: r-devel-linux-x86_64-fedora-clang
Version: 0.4.0
Check: installed package size
Result: NOTE
installed size is 19.6Mb
sub-directories of 1Mb or more:
libs 19.1Mb
Flavors: r-release-macos-arm64, r-release-macos-x86_64, r-oldrel-macos-arm64, r-oldrel-macos-x86_64