Last updated on 2024-08-16 03:49:29 CEST.
Flavor | Version | Tinstall | Tcheck | Ttotal | Status | Flags |
---|---|---|---|---|---|---|
r-devel-linux-x86_64-debian-clang | 0.8.3 | 51.48 | 279.92 | 331.40 | OK | |
r-devel-linux-x86_64-debian-gcc | 0.8.3 | 35.38 | 174.72 | 210.10 | OK | |
r-devel-linux-x86_64-fedora-clang | 0.8.3 | 568.83 | NOTE | |||
r-devel-linux-x86_64-fedora-gcc | 0.8.3 | 513.84 | OK | |||
r-devel-windows-x86_64 | 0.8.3 | 52.00 | 238.00 | 290.00 | NOTE | |
r-patched-linux-x86_64 | 0.8.3 | 50.55 | 254.13 | 304.68 | OK | |
r-release-linux-x86_64 | 0.8.3 | 48.73 | 258.64 | 307.37 | OK | |
r-release-macos-arm64 | 0.8.3 | 129.00 | NOTE | |||
r-release-macos-x86_64 | 0.8.3 | 212.00 | NOTE | |||
r-release-windows-x86_64 | 0.8.3 | 53.00 | 237.00 | 290.00 | NOTE | |
r-oldrel-macos-arm64 | 0.8.3 | 137.00 | NOTE | |||
r-oldrel-macos-x86_64 | 0.8.3 | 273.00 | NOTE | |||
r-oldrel-windows-x86_64 | 0.8.3 | 68.00 | 326.00 | 394.00 | NOTE |
Version: 0.8.3
Check: installed package size
Result: NOTE
installed size is 5.3Mb
sub-directories of 1Mb or more:
doc 2.7Mb
help 2.2Mb
Flavors: r-devel-linux-x86_64-fedora-clang, r-devel-windows-x86_64, r-release-macos-arm64, r-release-macos-x86_64, r-release-windows-x86_64, r-oldrel-macos-arm64, r-oldrel-macos-x86_64, r-oldrel-windows-x86_64