Last updated on 2024-06-16 02:55:31 CEST.
Flavor | Version | Tinstall | Tcheck | Ttotal | Status | Flags |
---|---|---|---|---|---|---|
r-devel-linux-x86_64-debian-clang | 1.0.1 | 11.44 | 68.87 | 80.31 | NOTE | |
r-devel-linux-x86_64-debian-gcc | 1.0.1 | 8.64 | 48.69 | 57.33 | NOTE | |
r-devel-linux-x86_64-fedora-clang | 1.0.1 | 103.07 | NOTE | |||
r-devel-linux-x86_64-fedora-gcc | 1.0.1 | 90.11 | NOTE | |||
r-devel-windows-x86_64 | 1.0.1 | 9.00 | 68.00 | 77.00 | NOTE | |
r-patched-linux-x86_64 | 1.0.1 | 10.68 | 65.80 | 76.48 | NOTE | |
r-release-linux-x86_64 | 1.0.1 | 11.44 | 65.89 | 77.33 | NOTE | |
r-release-macos-arm64 | 1.0.1 | 29.00 | NOTE | |||
r-release-macos-x86_64 | 1.0.1 | 43.00 | NOTE | |||
r-release-windows-x86_64 | 1.0.1 | 11.00 | 69.00 | 80.00 | NOTE | |
r-oldrel-macos-arm64 | 1.0.1 | 34.00 | NOTE | |||
r-oldrel-macos-x86_64 | 1.0.1 | 46.00 | NOTE | |||
r-oldrel-windows-x86_64 | 1.0.1 | 14.00 | 79.00 | 93.00 | NOTE |
Version: 1.0.1
Check: package dependencies
Result: NOTE
Package which this enhances but not available for checking: ‘gurobi’
Flavors: r-devel-linux-x86_64-debian-clang, r-devel-linux-x86_64-debian-gcc, r-devel-linux-x86_64-fedora-clang, r-devel-linux-x86_64-fedora-gcc, r-devel-windows-x86_64, r-patched-linux-x86_64, r-release-linux-x86_64, r-release-macos-arm64, r-release-macos-x86_64, r-release-windows-x86_64, r-oldrel-macos-arm64, r-oldrel-macos-x86_64, r-oldrel-windows-x86_64
Version: 1.0.1
Check: LazyData
Result: NOTE
'LazyData' is specified without a 'data' directory
Flavors: r-devel-linux-x86_64-debian-clang, r-devel-linux-x86_64-debian-gcc, r-devel-linux-x86_64-fedora-clang, r-devel-linux-x86_64-fedora-gcc, r-devel-windows-x86_64, r-patched-linux-x86_64, r-release-linux-x86_64, r-release-macos-arm64, r-release-macos-x86_64, r-release-windows-x86_64, r-oldrel-macos-arm64, r-oldrel-macos-x86_64, r-oldrel-windows-x86_64