Last updated on 2024-06-30 02:58:49 CEST.
Flavor | Version | Tinstall | Tcheck | Ttotal | Status | Flags |
---|---|---|---|---|---|---|
r-devel-linux-x86_64-debian-clang | 0.1.0 | 4.93 | 44.01 | 48.94 | NOTE | |
r-devel-linux-x86_64-debian-gcc | 0.1.0 | 4.37 | 33.13 | 37.50 | NOTE | |
r-devel-linux-x86_64-fedora-clang | 0.1.0 | 64.04 | NOTE | |||
r-devel-linux-x86_64-fedora-gcc | 0.1.0 | 73.30 | NOTE | |||
r-devel-windows-x86_64 | 0.1.0 | 7.00 | 54.00 | 61.00 | NOTE | |
r-patched-linux-x86_64 | 0.1.0 | 6.10 | 40.83 | 46.93 | NOTE | |
r-release-linux-x86_64 | 0.1.0 | 6.00 | 41.49 | 47.49 | NOTE | |
r-release-macos-arm64 | 0.1.0 | 30.00 | NOTE | |||
r-release-macos-x86_64 | 0.1.0 | 42.00 | NOTE | |||
r-release-windows-x86_64 | 0.1.0 | 6.00 | 52.00 | 58.00 | NOTE | |
r-oldrel-macos-arm64 | 0.1.0 | 30.00 | OK | |||
r-oldrel-macos-x86_64 | 0.1.0 | 45.00 | OK | |||
r-oldrel-windows-x86_64 | 0.1.0 | 11.00 | 56.00 | 67.00 | OK |
Version: 0.1.0
Check: Rd files
Result: NOTE
checkRd: (-1) PakPMICS2018bh.Rd:88: Lost braces in \enumerate; meant \describe ?
checkRd: (-1) PakPMICS2018bh.Rd:89: Lost braces in \enumerate; meant \describe ?
Flavors: r-devel-linux-x86_64-debian-clang, r-devel-linux-x86_64-debian-gcc, r-devel-linux-x86_64-fedora-clang, r-devel-linux-x86_64-fedora-gcc, r-devel-windows-x86_64, r-patched-linux-x86_64, r-release-linux-x86_64, r-release-macos-arm64, r-release-macos-x86_64, r-release-windows-x86_64