Last updated on 2024-06-30 02:58:50 CEST.
Flavor | Version | Tinstall | Tcheck | Ttotal | Status | Flags |
---|---|---|---|---|---|---|
r-devel-linux-x86_64-debian-clang | 1.1 | 105.77 | 73.28 | 179.05 | OK | |
r-devel-linux-x86_64-debian-gcc | 1.1 | 81.39 | 57.00 | 138.39 | OK | |
r-devel-linux-x86_64-fedora-clang | 1.1 | 208.99 | OK | |||
r-devel-linux-x86_64-fedora-gcc | 1.1 | 254.87 | OK | |||
r-devel-windows-x86_64 | 1.1 | 69.00 | 91.00 | 160.00 | OK | |
r-patched-linux-x86_64 | 1.1 | 96.62 | 72.04 | 168.66 | OK | |
r-release-linux-x86_64 | 1.1 | 99.75 | 72.77 | 172.52 | OK | |
r-release-macos-arm64 | 1.1 | 54.00 | NOTE | |||
r-release-macos-x86_64 | 1.1 | 86.00 | NOTE | |||
r-release-windows-x86_64 | 1.1 | 69.00 | 88.00 | 157.00 | OK | |
r-oldrel-macos-arm64 | 1.1 | 74.00 | NOTE | |||
r-oldrel-macos-x86_64 | 1.1 | 122.00 | NOTE | |||
r-oldrel-windows-x86_64 | 1.1 | 87.00 | 109.00 | 196.00 | OK |
Version: 1.1
Check: installed package size
Result: NOTE
installed size is 20.8Mb
sub-directories of 1Mb or more:
libs 20.6Mb
Flavors: r-release-macos-arm64, r-release-macos-x86_64, r-oldrel-macos-arm64, r-oldrel-macos-x86_64