Last updated on 2024-06-30 02:58:51 CEST.
Flavor | Version | Tinstall | Tcheck | Ttotal | Status | Flags |
---|---|---|---|---|---|---|
r-devel-linux-x86_64-debian-clang | 1.0.3 | 27.74 | 297.53 | 325.27 | NOTE | |
r-devel-linux-x86_64-debian-gcc | 1.0.3 | 22.80 | 212.71 | 235.51 | NOTE | |
r-devel-linux-x86_64-fedora-clang | 1.0.3 | 398.49 | NOTE | |||
r-devel-linux-x86_64-fedora-gcc | 1.0.3 | 377.45 | NOTE | |||
r-devel-windows-x86_64 | 1.0.3 | 23.00 | 170.00 | 193.00 | NOTE | |
r-patched-linux-x86_64 | 1.0.3 | 24.45 | 276.10 | 300.55 | NOTE | |
r-release-linux-x86_64 | 1.0.3 | 28.40 | 283.24 | 311.64 | NOTE | |
r-release-macos-arm64 | 1.0.3 | 82.00 | NOTE | |||
r-release-macos-x86_64 | 1.0.3 | 142.00 | NOTE | |||
r-release-windows-x86_64 | 1.0.3 | 23.00 | 173.00 | 196.00 | NOTE | |
r-oldrel-macos-arm64 | 1.0.3 | 88.00 | NOTE | |||
r-oldrel-macos-x86_64 | 1.0.3 | 165.00 | NOTE | |||
r-oldrel-windows-x86_64 | 1.0.3 | 33.00 | 239.00 | 272.00 | NOTE |
Version: 1.0.3
Check: Rd files
Result: NOTE
checkRd: (-1) nc_open_CGLS.Rd:29-32: Lost braces
29 | if(resolution == "300m"){
| ^
checkRd: (-1) nc_open_CGLS.Rd:33-36: Lost braces
33 | if(resolution == "1km"){
| ^
Flavors: r-devel-linux-x86_64-debian-clang, r-devel-linux-x86_64-debian-gcc, r-devel-linux-x86_64-fedora-clang, r-devel-linux-x86_64-fedora-gcc, r-devel-windows-x86_64, r-patched-linux-x86_64, r-release-linux-x86_64, r-release-macos-arm64, r-release-macos-x86_64, r-release-windows-x86_64
Version: 1.0.3
Check: LazyData
Result: NOTE
'LazyData' is specified without a 'data' directory
Flavors: r-devel-linux-x86_64-debian-clang, r-devel-linux-x86_64-debian-gcc, r-devel-linux-x86_64-fedora-clang, r-devel-linux-x86_64-fedora-gcc, r-devel-windows-x86_64, r-patched-linux-x86_64, r-release-linux-x86_64, r-release-macos-arm64, r-release-macos-x86_64, r-release-windows-x86_64, r-oldrel-macos-arm64, r-oldrel-macos-x86_64, r-oldrel-windows-x86_64