Last updated on 2024-08-16 03:49:35 CEST.
Flavor | Version | Tinstall | Tcheck | Ttotal | Status | Flags |
---|---|---|---|---|---|---|
r-devel-linux-x86_64-debian-clang | 5.0-4 | 4.11 | 22.45 | 26.56 | OK | |
r-devel-linux-x86_64-debian-gcc | 5.0-4 | 2.97 | 16.75 | 19.72 | OK | |
r-devel-linux-x86_64-fedora-clang | 5.0-4 | 41.81 | NOTE | |||
r-devel-linux-x86_64-fedora-gcc | 5.0-4 | 40.75 | OK | |||
r-devel-windows-x86_64 | 5.0-4 | 5.00 | 33.00 | 38.00 | NOTE | |
r-patched-linux-x86_64 | 5.0-4 | 3.62 | 21.16 | 24.78 | OK | |
r-release-linux-x86_64 | 5.0-4 | 3.74 | 20.95 | 24.69 | OK | |
r-release-macos-arm64 | 5.0-4 | 17.00 | NOTE | |||
r-release-macos-x86_64 | 5.0-4 | 30.00 | NOTE | |||
r-release-windows-x86_64 | 5.0-4 | 5.00 | 33.00 | 38.00 | NOTE | |
r-oldrel-macos-arm64 | 5.0-4 | 18.00 | NOTE | |||
r-oldrel-macos-x86_64 | 5.0-4 | 26.00 | NOTE | |||
r-oldrel-windows-x86_64 | 5.0-4 | 7.00 | 39.00 | 46.00 | NOTE |
Version: 5.0-4
Check: installed package size
Result: NOTE
installed size is 10.9Mb
sub-directories of 1Mb or more:
java 10.8Mb
Flavors: r-devel-linux-x86_64-fedora-clang, r-devel-windows-x86_64, r-release-macos-arm64, r-release-macos-x86_64, r-release-windows-x86_64, r-oldrel-macos-arm64, r-oldrel-macos-x86_64, r-oldrel-windows-x86_64