Last updated on 2024-06-30 02:58:52 CEST.
Flavor | Version | Tinstall | Tcheck | Ttotal | Status | Flags |
---|---|---|---|---|---|---|
r-devel-linux-x86_64-debian-clang | 0.1.1 | 23.22 | 164.93 | 188.15 | OK | |
r-devel-linux-x86_64-debian-gcc | 0.1.1 | 15.72 | 118.96 | 134.68 | OK | |
r-devel-linux-x86_64-fedora-clang | 0.1.1 | 234.54 | OK | |||
r-devel-linux-x86_64-fedora-gcc | 0.1.1 | 227.81 | OK | |||
r-devel-windows-x86_64 | 0.1.1 | 18.00 | 112.00 | 130.00 | OK | |
r-patched-linux-x86_64 | 0.1.1 | 20.97 | 152.94 | 173.91 | OK | |
r-release-linux-x86_64 | 0.1.1 | 13.31 | 156.44 | 169.75 | OK | |
r-release-macos-arm64 | 0.1.1 | 89.00 | OK | |||
r-release-macos-x86_64 | 0.1.1 | 126.00 | OK | |||
r-release-windows-x86_64 | 0.1.1 | 19.00 | 114.00 | 133.00 | OK | |
r-oldrel-macos-arm64 | 0.1.1 | 63.00 | OK | |||
r-oldrel-macos-x86_64 | 0.1.1 | 214.00 | NOTE | |||
r-oldrel-windows-x86_64 | 0.1.1 | 25.00 | 143.00 | 168.00 | OK |
Version: 0.1.1
Check: installed package size
Result: NOTE
installed size is 5.5Mb
sub-directories of 1Mb or more:
data 5.1Mb
Flavor: r-oldrel-macos-x86_64