Last updated on 2024-06-30 02:58:51 CEST.
Flavor | Version | Tinstall | Tcheck | Ttotal | Status | Flags |
---|---|---|---|---|---|---|
r-devel-linux-x86_64-debian-clang | 0.3.14 | 159.38 | 36.08 | 195.46 | NOTE | |
r-devel-linux-x86_64-debian-gcc | 0.3.14 | 105.86 | 28.20 | 134.06 | NOTE | |
r-devel-linux-x86_64-fedora-clang | 0.3.14 | 299.97 | NOTE | |||
r-devel-linux-x86_64-fedora-gcc | 0.3.14 | 310.73 | NOTE | |||
r-devel-windows-x86_64 | 0.3.14 | 116.00 | 151.00 | 267.00 | NOTE | |
r-patched-linux-x86_64 | 0.3.14 | 138.24 | 34.74 | 172.98 | NOTE | |
r-release-linux-x86_64 | 0.3.14 | 150.73 | 35.91 | 186.64 | NOTE | |
r-release-macos-arm64 | 0.3.14 | 7.00 | ERROR | |||
r-release-macos-x86_64 | 0.3.14 | 81.00 | NOTE | |||
r-release-windows-x86_64 | 0.3.14 | 118.00 | 142.00 | 260.00 | NOTE | |
r-oldrel-macos-arm64 | 11.00 | ERROR | ||||
r-oldrel-macos-x86_64 | 0.3.14 | 130.00 | NOTE | |||
r-oldrel-windows-x86_64 | 0.3.14 | 119.00 | 180.00 | 299.00 | NOTE |
Version: 0.3.14
Check: C++ specification
Result: NOTE
Specified C++11: please drop specification unless essential
Flavors: r-devel-linux-x86_64-debian-clang, r-devel-linux-x86_64-debian-gcc, r-devel-linux-x86_64-fedora-clang, r-devel-linux-x86_64-fedora-gcc, r-devel-windows-x86_64, r-patched-linux-x86_64, r-release-linux-x86_64, r-release-macos-x86_64, r-release-windows-x86_64, r-oldrel-macos-x86_64, r-oldrel-windows-x86_64
Version: 0.3.14
Check: installed package size
Result: NOTE
installed size is 8.5Mb
sub-directories of 1Mb or more:
blp 7.1Mb
Flavors: r-devel-linux-x86_64-fedora-clang, r-devel-windows-x86_64, r-release-macos-x86_64, r-release-windows-x86_64, r-oldrel-macos-x86_64, r-oldrel-windows-x86_64
Version: 0.3.14
Check: whether package can be installed
Result: ERROR
Installation failed.
Flavors: r-release-macos-arm64, r-oldrel-macos-arm64