Last updated on 2024-06-30 02:58:51 CEST.
Flavor | Version | Tinstall | Tcheck | Ttotal | Status | Flags |
---|---|---|---|---|---|---|
r-devel-linux-x86_64-debian-clang | 0.0.22 | 52.02 | 99.81 | 151.83 | OK | |
r-devel-linux-x86_64-debian-gcc | 0.0.22 | 40.33 | 68.65 | 108.98 | OK | |
r-devel-linux-x86_64-fedora-clang | 0.0.22 | 204.83 | OK | |||
r-devel-linux-x86_64-fedora-gcc | 0.0.22 | 226.70 | OK | |||
r-devel-windows-x86_64 | 0.0.22 | 55.00 | 133.00 | 188.00 | OK | |
r-patched-linux-x86_64 | 0.0.22 | 49.90 | 92.35 | 142.25 | OK | |
r-release-linux-x86_64 | 0.0.22 | 51.10 | 93.51 | 144.61 | OK | |
r-release-macos-arm64 | 0.0.22 | 54.00 | NOTE | |||
r-release-macos-x86_64 | 0.0.22 | 85.00 | NOTE | |||
r-release-windows-x86_64 | 0.0.22 | 57.00 | 131.00 | 188.00 | OK | |
r-oldrel-macos-arm64 | 0.0.22 | 69.00 | NOTE | |||
r-oldrel-macos-x86_64 | 0.0.22 | 189.00 | NOTE | |||
r-oldrel-windows-x86_64 | 0.0.22 | 69.00 | 159.00 | 228.00 | OK |
Version: 0.0.22
Check: installed package size
Result: NOTE
installed size is 6.5Mb
sub-directories of 1Mb or more:
libs 6.2Mb
Flavors: r-release-macos-arm64, r-release-macos-x86_64, r-oldrel-macos-arm64, r-oldrel-macos-x86_64