Last updated on 2024-06-30 02:58:51 CEST.
Flavor | Version | Tinstall | Tcheck | Ttotal | Status | Flags |
---|---|---|---|---|---|---|
r-devel-linux-x86_64-debian-clang | 0.0.4 | 27.62 | 28.15 | 55.77 | NOTE | |
r-devel-linux-x86_64-debian-gcc | 0.0.4 | 16.31 | 21.56 | 37.87 | NOTE | |
r-devel-linux-x86_64-fedora-clang | 0.0.4 | 74.12 | NOTE | |||
r-devel-linux-x86_64-fedora-gcc | 0.0.4 | 72.63 | NOTE | |||
r-devel-windows-x86_64 | 0.0.4 | 26.00 | 72.00 | 98.00 | NOTE | |
r-patched-linux-x86_64 | 0.0.4 | 21.20 | 26.36 | 47.56 | NOTE | |
r-release-linux-x86_64 | 0.0.4 | 19.94 | 27.55 | 47.49 | NOTE | |
r-release-macos-arm64 | 0.0.4 | 22.00 | NOTE | |||
r-release-macos-x86_64 | 0.0.4 | 35.00 | NOTE | |||
r-release-windows-x86_64 | 0.0.4 | 25.00 | 67.00 | 92.00 | NOTE | |
r-oldrel-macos-arm64 | 0.0.4 | 24.00 | NOTE | |||
r-oldrel-macos-x86_64 | 0.0.4 | 33.00 | NOTE | |||
r-oldrel-windows-x86_64 | 0.0.4 | 24.00 | 89.00 | 113.00 | NOTE |
Version: 0.0.4
Check: C++ specification
Result: NOTE
Specified C++11: please drop specification unless essential
Flavors: r-devel-linux-x86_64-debian-clang, r-devel-linux-x86_64-debian-gcc, r-devel-linux-x86_64-fedora-clang, r-devel-linux-x86_64-fedora-gcc, r-devel-windows-x86_64, r-patched-linux-x86_64, r-release-linux-x86_64, r-release-macos-arm64, r-release-macos-x86_64, r-release-windows-x86_64, r-oldrel-macos-arm64, r-oldrel-macos-x86_64, r-oldrel-windows-x86_64