Last updated on 2024-06-30 02:58:51 CEST.
Flavor | Version | Tinstall | Tcheck | Ttotal | Status | Flags |
---|---|---|---|---|---|---|
r-devel-linux-x86_64-debian-clang | 0.2.7 | 156.01 | 37.74 | 193.75 | NOTE | |
r-devel-linux-x86_64-debian-gcc | 0.2.7 | 114.02 | 27.70 | 141.72 | NOTE | |
r-devel-linux-x86_64-fedora-clang | 0.2.7 | 293.49 | NOTE | |||
r-devel-linux-x86_64-fedora-gcc | 0.2.7 | 310.33 | NOTE | |||
r-devel-windows-x86_64 | 0.2.7 | 132.00 | 79.00 | 211.00 | NOTE | |
r-patched-linux-x86_64 | 0.2.7 | 142.26 | 35.56 | 177.82 | NOTE | |
r-release-linux-x86_64 | 0.2.7 | 127.43 | 35.48 | 162.91 | NOTE | |
r-release-macos-arm64 | 0.2.7 | 53.00 | NOTE | |||
r-release-macos-x86_64 | 0.2.7 | 68.00 | NOTE | |||
r-release-windows-x86_64 | 0.2.7 | 130.00 | 97.00 | 227.00 | NOTE | |
r-oldrel-macos-arm64 | 0.2.7 | 61.00 | NOTE | |||
r-oldrel-macos-x86_64 | 0.2.7 | 103.00 | NOTE | |||
r-oldrel-windows-x86_64 | 0.2.7 | 152.00 | 85.00 | 237.00 | OK |
Version: 0.2.7
Check: Rd files
Result: NOTE
checkRd: (-1) cSMCexamples.Rd:78-80: Lost braces in \itemize; \value handles \item{}{} directly
checkRd: (-1) cSMCexamples.Rd:81-83: Lost braces in \itemize; \value handles \item{}{} directly
checkRd: (-1) cSMCexamples.Rd:89: Lost braces in \itemize; \value handles \item{}{} directly
checkRd: (-1) cSMCexamples.Rd:90: Lost braces in \itemize; \value handles \item{}{} directly
Flavors: r-devel-linux-x86_64-debian-clang, r-devel-linux-x86_64-debian-gcc, r-devel-linux-x86_64-fedora-clang, r-devel-linux-x86_64-fedora-gcc, r-devel-windows-x86_64, r-patched-linux-x86_64, r-release-linux-x86_64, r-release-macos-arm64, r-release-macos-x86_64, r-release-windows-x86_64
Version: 0.2.7
Check: installed package size
Result: NOTE
installed size is 7.0Mb
sub-directories of 1Mb or more:
libs 6.6Mb
Flavors: r-release-macos-arm64, r-release-macos-x86_64, r-oldrel-macos-arm64, r-oldrel-macos-x86_64