Last updated on 2024-08-16 03:49:34 CEST.
Flavor | Version | Tinstall | Tcheck | Ttotal | Status | Flags |
---|---|---|---|---|---|---|
r-devel-linux-x86_64-debian-clang | 1.0.0 | 12.58 | 179.14 | 191.72 | OK | |
r-devel-linux-x86_64-debian-gcc | 1.0.0 | 7.70 | 127.54 | 135.24 | OK | |
r-devel-linux-x86_64-fedora-clang | 1.0.0 | 190.44 | ERROR | |||
r-devel-linux-x86_64-fedora-gcc | 1.0.0 | 710.03 | ERROR | |||
r-devel-windows-x86_64 | 1.0.0 | 13.00 | 121.00 | 134.00 | OK | |
r-patched-linux-x86_64 | 1.0.0 | 12.28 | 189.89 | 202.17 | OK | |
r-release-linux-x86_64 | 1.0.0 | 11.13 | 178.48 | 189.61 | OK | |
r-release-macos-arm64 | 1.0.0 | 84.00 | OK | |||
r-release-macos-x86_64 | 1.0.0 | 210.00 | OK | |||
r-release-windows-x86_64 | 1.0.0 | 12.00 | 121.00 | 133.00 | OK | |
r-oldrel-macos-arm64 | 1.0.0 | 74.00 | OK | |||
r-oldrel-macos-x86_64 | 1.0.0 | 161.00 | OK | |||
r-oldrel-windows-x86_64 | 1.0.0 | 16.00 | 140.00 | 156.00 | OK |
Version: 1.0.0
Check: tests
Result: ERROR
Running ‘testthat.R’ [65s/171s]
Running the tests in ‘tests/testthat.R’ failed.
Complete output:
> # This file is part of the standard setup for testthat.
> # It is recommended that you do not modify it.
> #
> # Where should you do additional test configuration?
> # Learn more about the roles of various files in:
> # * https://r-pkgs.org/testing-design.html#sec-tests-files-overview
> # * https://testthat.r-lib.org/articles/special-files.html
>
> library(Require)
> library(testthat)
Attaching package: 'testthat'
The following object is masked from 'package:Require':
setup
> test_check("Require")
Error in messagesAboutWarnings(w, toInstall, returnDetails = returnDetails, :
package failed: rlang; retrying ...
Error in messagesAboutWarnings(w, toInstall, returnDetails = returnDetails, :
package failed: rlang; retrying ...
Error in messagesAboutWarnings(w, toInstall, returnDetails = returnDetails, :
package failed: rlang; retrying ...
Error in messagesAboutWarnings(w, toInstall, returnDetails = returnDetails, :
package failed: crayon; retrying ...
Error in messagesAboutWarnings(w, toInstall, returnDetails = returnDetails, :
package failed: crayon; retrying ...
Error in messagesAboutWarnings(w, toInstall, returnDetails = returnDetails, :
package failed: crayon; retrying ...
Error in messagesAboutWarnings(w, toInstall, returnDetails = returnDetails, :
package failed: fpCompare; retrying ...
Error in messagesAboutWarnings(w, toInstall, returnDetails = returnDetails, :
package failed: fpCompare; retrying ...
Error in messagesAboutWarnings(w, toInstall, returnDetails = returnDetails, :
package failed: fpCompare; retrying ...
Error in messagesAboutWarnings(w, toInstall, returnDetails = returnDetails, :
package failed: data.table; retrying ...
Error in messagesAboutWarnings(w, toInstall, returnDetails = returnDetails, :
package failed: data.table; retrying ...
Error in messagesAboutWarnings(w, toInstall, returnDetails = returnDetails, :
package failed: data.table; retrying ...
Error in messagesAboutWarnings(w, toInstall, returnDetails = returnDetails, :
package failed: Require; retrying ...
Error in messagesAboutWarnings(w, toInstall, returnDetails = returnDetails, :
package failed: Require; retrying ...
Error in messagesAboutWarnings(w, toInstall, returnDetails = returnDetails, :
package failed: Require; retrying ...
[ FAIL 5 | WARN 8 | SKIP 7 | PASS 55 ]
══ Skipped tests (7) ═══════════════════════════════════════════════════════════
• On CRAN (2): 'test-05packagesLong_testthat.R:3:3',
'test-06pkgDep_testthat.R:3:3'
• empty test (5): 'test-07pkgSnapshotLong_testthat.R:1:1',
'test-08modules_testthat.R:1:1', 'test-09pkgSnapshotLong_testthat.R:1:1',
'test-10DifferentPkgs_testthat.R:1:1', 'test-11misc_testthat.R:1:1'
══ Failed tests ════════════════════════════════════════════════════════════════
── Error ('test-00pkgSnapshot_testthat.R:55:3'): test 1 ────────────────────────
Error: Object 'Package' not found amongst []
Backtrace:
▆
1. ├─bb1[!Package %in% "Require"] at test-00pkgSnapshot_testthat.R:55:3
2. └─data.table::`[.data.table`(bb1, !Package %in% "Require") at test-00pkgSnapshot_testthat.R:55:3
3. └─base::tryCatch(...)
4. └─base (local) tryCatchList(expr, classes, parentenv, handlers)
5. └─base (local) tryCatchOne(expr, names, parentenv, handlers[[1L]])
6. └─value[[3L]](cond)
7. └─data.table:::.checkTypos(e, names_x)
8. └─data.table:::stopf(...)
── Failure ('test-01packages_testthat.R:36:3'): test 1 ─────────────────────────
all(grepl("was built under", warns)) is not TRUE
`actual`: FALSE
`expected`: TRUE
── Failure ('test-01packages_testthat.R:42:3'): test 1 ─────────────────────────
{
...
} is not TRUE
`actual`: FALSE
`expected`: TRUE
── Failure ('test-01packages_testthat.R:52:3'): test 1 ─────────────────────────
{
...
} is not TRUE
`actual`: FALSE
`expected`: TRUE
── Error ('test-01packages_testthat.R:73:3'): test 1 ───────────────────────────
<packageNotFoundError/error/condition>
Error in `find.package(pkgs, lib)`: there is no package called 'fpCompare'
Backtrace:
▆
1. ├─base::suppressMessages(remove.packages("fpCompare", lib = dir1)) at test-01packages_testthat.R:73:3
2. │ └─base::withCallingHandlers(...)
3. └─utils::remove.packages("fpCompare", lib = dir1)
4. └─base::find.package(pkgs, lib)
[ FAIL 5 | WARN 8 | SKIP 7 | PASS 55 ]
Error: Test failures
Execution halted
Flavor: r-devel-linux-x86_64-fedora-clang
Version: 1.0.0
Check: tests
Result: ERROR
Running ‘testthat.R’ [10m/13m]
Running the tests in ‘tests/testthat.R’ failed.
Complete output:
> # This file is part of the standard setup for testthat.
> # It is recommended that you do not modify it.
> #
> # Where should you do additional test configuration?
> # Learn more about the roles of various files in:
> # * https://r-pkgs.org/testing-design.html#sec-tests-files-overview
> # * https://testthat.r-lib.org/articles/special-files.html
>
> library(Require)
> library(testthat)
Attaching package: 'testthat'
The following object is masked from 'package:Require':
setup
> test_check("Require")
Error in messagesAboutWarnings(w, toInstall, returnDetails = returnDetails, :
package failed: rlang; retrying ...
Error in messagesAboutWarnings(w, toInstall, returnDetails = returnDetails, :
package failed: rlang; retrying ...
Error in messagesAboutWarnings(w, toInstall, returnDetails = returnDetails, :
package failed: rlang; retrying ...
Error in messagesAboutWarnings(w, toInstall, returnDetails = returnDetails, :
package failed: crayon; retrying ...
Error in messagesAboutWarnings(w, toInstall, returnDetails = returnDetails, :
package failed: crayon; retrying ...
Error in messagesAboutWarnings(w, toInstall, returnDetails = returnDetails, :
package failed: crayon; retrying ...
Error in messagesAboutWarnings(w, toInstall, returnDetails = returnDetails, :
package failed: fpCompare; retrying ...
Error in messagesAboutWarnings(w, toInstall, returnDetails = returnDetails, :
package failed: fpCompare; retrying ...
Error in messagesAboutWarnings(w, toInstall, returnDetails = returnDetails, :
package failed: fpCompare; retrying ...
Error in messagesAboutWarnings(w, toInstall, returnDetails = returnDetails, :
package failed: data.table; retrying ...
Error in messagesAboutWarnings(w, toInstall, returnDetails = returnDetails, :
package failed: data.table; retrying ...
Error in messagesAboutWarnings(w, toInstall, returnDetails = returnDetails, :
package failed: data.table; retrying ...
Error in messagesAboutWarnings(w, toInstall, returnDetails = returnDetails, :
package failed: Require; retrying ...
Error in messagesAboutWarnings(w, toInstall, returnDetails = returnDetails, :
package failed: Require; retrying ...
Error in messagesAboutWarnings(w, toInstall, returnDetails = returnDetails, :
package failed: Require; retrying ...
[ FAIL 5 | WARN 8 | SKIP 7 | PASS 55 ]
══ Skipped tests (7) ═══════════════════════════════════════════════════════════
• On CRAN (2): 'test-05packagesLong_testthat.R:3:3',
'test-06pkgDep_testthat.R:3:3'
• empty test (5): 'test-07pkgSnapshotLong_testthat.R:1:1',
'test-08modules_testthat.R:1:1', 'test-09pkgSnapshotLong_testthat.R:1:1',
'test-10DifferentPkgs_testthat.R:1:1', 'test-11misc_testthat.R:1:1'
══ Failed tests ════════════════════════════════════════════════════════════════
── Error ('test-00pkgSnapshot_testthat.R:143:5'): test 1 ───────────────────────
Error in `matrix(unlist(deps), ncol = length(deps))`: 'data' must be of a vector type, was 'NULL'
Backtrace:
▆
1. └─Require::pkgSnapshot(...) at test-00pkgSnapshot_testthat.R:143:5
2. └─Require:::doInstalledPackages(libPaths, purge, includeBase)
3. ├─data.table::as.data.table(...)
4. └─Require:::.installed.pkgs(...)
5. └─base::lapply(...)
6. └─Require (local) FUN(X[[i]], ...)
7. ├─base::cbind(mat, matrix(unlist(deps), ncol = length(deps)))
8. └─base::matrix(unlist(deps), ncol = length(deps))
── Failure ('test-01packages_testthat.R:36:3'): test 1 ─────────────────────────
all(grepl("was built under", warns)) is not TRUE
`actual`: FALSE
`expected`: TRUE
── Failure ('test-01packages_testthat.R:42:3'): test 1 ─────────────────────────
{
...
} is not TRUE
`actual`: FALSE
`expected`: TRUE
── Failure ('test-01packages_testthat.R:52:3'): test 1 ─────────────────────────
{
...
} is not TRUE
`actual`: FALSE
`expected`: TRUE
── Error ('test-01packages_testthat.R:73:3'): test 1 ───────────────────────────
<packageNotFoundError/error/condition>
Error in `find.package(pkgs, lib)`: there is no package called 'fpCompare'
Backtrace:
▆
1. ├─base::suppressMessages(remove.packages("fpCompare", lib = dir1)) at test-01packages_testthat.R:73:3
2. │ └─base::withCallingHandlers(...)
3. └─utils::remove.packages("fpCompare", lib = dir1)
4. └─base::find.package(pkgs, lib)
[ FAIL 5 | WARN 8 | SKIP 7 | PASS 55 ]
Error: Test failures
Execution halted
Flavor: r-devel-linux-x86_64-fedora-gcc