Last updated on 2024-06-30 02:58:52 CEST.
Flavor | Version | Tinstall | Tcheck | Ttotal | Status | Flags |
---|---|---|---|---|---|---|
r-devel-linux-x86_64-debian-clang | 0.2.1 | 2.17 | 26.78 | 28.95 | NOTE | |
r-devel-linux-x86_64-debian-gcc | 0.2.1 | 1.89 | 20.84 | 22.73 | NOTE | |
r-devel-linux-x86_64-fedora-clang | 0.2.1 | 38.73 | NOTE | |||
r-devel-linux-x86_64-fedora-gcc | 0.2.1 | 57.56 | NOTE | |||
r-devel-windows-x86_64 | 0.2.1 | 4.00 | 47.00 | 51.00 | NOTE | |
r-patched-linux-x86_64 | 0.2.1 | 2.56 | 25.85 | 28.41 | NOTE | |
r-release-linux-x86_64 | 0.2.1 | 1.95 | 24.75 | 26.70 | NOTE | |
r-release-macos-arm64 | 0.2.1 | 29.00 | NOTE | |||
r-release-macos-x86_64 | 0.2.1 | 56.00 | NOTE | |||
r-release-windows-x86_64 | 0.2.1 | 3.00 | 44.00 | 47.00 | NOTE | |
r-oldrel-macos-arm64 | 0.2.1 | 24.00 | NOTE | |||
r-oldrel-macos-x86_64 | 0.2.1 | 32.00 | NOTE | |||
r-oldrel-windows-x86_64 | 0.2.1 | 3.00 | 48.00 | 51.00 | NOTE |
Version: 0.2.1
Check: LazyData
Result: NOTE
'LazyData' is specified without a 'data' directory
Flavors: r-devel-linux-x86_64-debian-clang, r-devel-linux-x86_64-debian-gcc, r-devel-linux-x86_64-fedora-clang, r-devel-linux-x86_64-fedora-gcc, r-devel-windows-x86_64, r-patched-linux-x86_64, r-release-linux-x86_64, r-release-macos-arm64, r-release-macos-x86_64, r-release-windows-x86_64, r-oldrel-macos-arm64, r-oldrel-macos-x86_64, r-oldrel-windows-x86_64