Last updated on 2024-06-30 02:58:52 CEST.
Flavor | Version | Tinstall | Tcheck | Ttotal | Status | Flags |
---|---|---|---|---|---|---|
r-devel-linux-x86_64-debian-clang | 2.1.10 | 623.88 | 70.71 | 694.59 | OK | |
r-devel-linux-x86_64-debian-gcc | 2.1.10 | 493.10 | 95.31 | 588.41 | OK | |
r-devel-linux-x86_64-fedora-clang | 2.1.10 | 1142.29 | OK | |||
r-devel-linux-x86_64-fedora-gcc | 2.1.10 | 1201.67 | OK | |||
r-devel-windows-x86_64 | 2.1.10 | 531.00 | 145.00 | 676.00 | OK | |
r-patched-linux-x86_64 | 2.1.10 | 579.71 | 116.45 | 696.16 | OK | |
r-release-linux-x86_64 | 2.1.10 | 579.91 | 118.10 | 698.01 | OK | |
r-release-macos-arm64 | 2.1.10 | 172.00 | NOTE | |||
r-release-macos-x86_64 | 2.1.10 | 146.00 | NOTE | |||
r-release-windows-x86_64 | 2.1.10 | 519.00 | 143.00 | 662.00 | OK | |
r-oldrel-macos-arm64 | 2.1.10 | 204.00 | NOTE | |||
r-oldrel-macos-x86_64 | 2.1.10 | 225.00 | NOTE | |||
r-oldrel-windows-x86_64 | 2.1.10 | 651.00 | 174.00 | 825.00 | OK |
Version: 2.1.10
Check: installed package size
Result: NOTE
installed size is 44.1Mb
sub-directories of 1Mb or more:
libs 43.2Mb
Flavors: r-release-macos-arm64, r-release-macos-x86_64, r-oldrel-macos-arm64, r-oldrel-macos-x86_64