Last updated on 2024-08-16 15:49:42 CEST.
Flavor | Version | Tinstall | Tcheck | Ttotal | Status | Flags |
---|---|---|---|---|---|---|
r-devel-linux-x86_64-debian-clang | 0.4.4 | 64.16 | 90.64 | 154.80 | NOTE | |
r-devel-linux-x86_64-debian-gcc | 0.4.4 | 49.90 | 64.11 | 114.01 | NOTE | |
r-devel-linux-x86_64-fedora-clang | 0.4.4 | 322.38 | NOTE | |||
r-devel-linux-x86_64-fedora-gcc | 0.4.4 | 335.77 | NOTE | |||
r-devel-windows-x86_64 | 0.4.4 | 87.00 | 138.00 | 225.00 | NOTE | |
r-patched-linux-x86_64 | 0.4.4 | 69.97 | 85.64 | 155.61 | NOTE | |
r-release-linux-x86_64 | 0.4.4 | 68.96 | 86.36 | 155.32 | NOTE | |
r-release-macos-arm64 | 0.4.4 | 86.00 | NOTE | |||
r-release-macos-x86_64 | 0.4.4 | 116.00 | NOTE | |||
r-release-windows-x86_64 | 0.4.4 | 90.00 | 142.00 | 232.00 | NOTE | |
r-oldrel-macos-arm64 | 0.4.4 | 105.00 | NOTE | |||
r-oldrel-macos-x86_64 | 0.4.4 | 162.00 | NOTE | |||
r-oldrel-windows-x86_64 | 0.4.4 | 102.00 | 162.00 | 264.00 | NOTE |
Version: 0.4.4
Check: C++ specification
Result: NOTE
Specified C++11: please drop specification unless essential
Flavors: r-devel-linux-x86_64-debian-clang, r-devel-linux-x86_64-debian-gcc, r-devel-linux-x86_64-fedora-clang, r-devel-linux-x86_64-fedora-gcc, r-devel-windows-x86_64, r-patched-linux-x86_64, r-release-linux-x86_64, r-release-macos-arm64, r-release-macos-x86_64, r-release-windows-x86_64, r-oldrel-macos-arm64, r-oldrel-macos-x86_64, r-oldrel-windows-x86_64
Version: 0.4.4
Check: installed package size
Result: NOTE
installed size is 9.3Mb
sub-directories of 1Mb or more:
libs 7.6Mb
yacas 1.3Mb
Flavors: r-release-macos-arm64, r-release-macos-x86_64, r-oldrel-macos-arm64, r-oldrel-macos-x86_64