Last updated on 2024-08-16 03:49:36 CEST.
Flavor | Version | Tinstall | Tcheck | Ttotal | Status | Flags |
---|---|---|---|---|---|---|
r-devel-linux-x86_64-debian-clang | 1.1.0 | 7.76 | 76.20 | 83.96 | NOTE | |
r-devel-linux-x86_64-debian-gcc | 1.1.0 | 6.60 | 54.45 | 61.05 | NOTE | |
r-devel-linux-x86_64-fedora-clang | 1.1.0 | 140.51 | NOTE | |||
r-devel-linux-x86_64-fedora-gcc | 1.1.0 | 133.49 | NOTE | |||
r-devel-windows-x86_64 | 1.1.0 | 10.00 | 83.00 | 93.00 | NOTE | |
r-patched-linux-x86_64 | 1.1.0 | 9.61 | 71.08 | 80.69 | NOTE | |
r-release-linux-x86_64 | 1.1.0 | 9.54 | 71.03 | 80.57 | NOTE | |
r-release-macos-arm64 | 1.1.0 | 44.00 | NOTE | |||
r-release-macos-x86_64 | 1.1.0 | 60.00 | NOTE | |||
r-release-windows-x86_64 | 1.1.0 | 10.00 | 83.00 | 93.00 | NOTE | |
r-oldrel-macos-arm64 | 1.1.0 | 47.00 | NOTE | |||
r-oldrel-macos-x86_64 | 1.1.0 | 76.00 | NOTE | |||
r-oldrel-windows-x86_64 | 1.1.0 | 14.00 | 104.00 | 118.00 | NOTE |
Version: 1.1.0
Check: LazyData
Result: NOTE
'LazyData' is specified without a 'data' directory
Flavors: r-devel-linux-x86_64-debian-clang, r-devel-linux-x86_64-debian-gcc, r-devel-linux-x86_64-fedora-clang, r-devel-linux-x86_64-fedora-gcc, r-devel-windows-x86_64, r-patched-linux-x86_64, r-release-linux-x86_64, r-release-macos-arm64, r-release-macos-x86_64, r-release-windows-x86_64, r-oldrel-macos-arm64, r-oldrel-macos-x86_64, r-oldrel-windows-x86_64