Last updated on 2024-06-16 02:55:35 CEST.
Flavor | Version | Tinstall | Tcheck | Ttotal | Status | Flags |
---|---|---|---|---|---|---|
r-devel-linux-x86_64-debian-clang | 1.5.1 | 24.60 | 191.78 | 216.38 | OK | |
r-devel-linux-x86_64-debian-gcc | 1.5.1 | 20.93 | 138.32 | 159.25 | OK | |
r-devel-linux-x86_64-fedora-clang | 1.5.1 | 264.45 | OK | |||
r-devel-linux-x86_64-fedora-gcc | 1.5.1 | 250.94 | OK | |||
r-devel-windows-x86_64 | 1.5.1 | 21.00 | 154.00 | 175.00 | OK | |
r-patched-linux-x86_64 | 1.5.1 | 28.40 | 179.02 | 207.42 | OK | |
r-release-linux-x86_64 | 1.5.1 | 22.79 | 184.38 | 207.17 | OK | |
r-release-macos-arm64 | 1.5.1 | 71.00 | OK | |||
r-release-macos-x86_64 | 1.5.1 | 111.00 | OK | |||
r-release-windows-x86_64 | 1.5.1 | 22.00 | 155.00 | 177.00 | OK | |
r-oldrel-macos-arm64 | 1.5.1 | 85.00 | OK | |||
r-oldrel-macos-x86_64 | 1.5.1 | 200.00 | NOTE | |||
r-oldrel-windows-x86_64 | 1.5.1 | 28.00 | 197.00 | 225.00 | OK |
Version: 1.5.1
Check: installed package size
Result: NOTE
installed size is 5.1Mb
sub-directories of 1Mb or more:
ShinyItemAnalysis 2.3Mb
data 2.1Mb
Flavor: r-oldrel-macos-x86_64