Last updated on 2024-08-16 03:49:37 CEST.
Flavor | Version | Tinstall | Tcheck | Ttotal | Status | Flags |
---|---|---|---|---|---|---|
r-devel-linux-x86_64-debian-clang | 0.1.1 | 19.08 | 195.82 | 214.90 | NOTE | |
r-devel-linux-x86_64-debian-gcc | 0.1.1 | 11.40 | 129.02 | 140.42 | NOTE | |
r-devel-linux-x86_64-fedora-clang | 0.1.1 | 348.01 | NOTE | |||
r-devel-linux-x86_64-fedora-gcc | 0.1.1 | 344.46 | NOTE | |||
r-devel-windows-x86_64 | 0.1.1 | 18.00 | 181.00 | 199.00 | NOTE | |
r-patched-linux-x86_64 | 0.1.1 | 17.69 | 183.78 | 201.47 | NOTE | |
r-release-linux-x86_64 | 0.1.1 | 16.74 | 185.42 | 202.16 | NOTE | |
r-release-macos-arm64 | 0.1.1 | 90.00 | NOTE | |||
r-release-macos-x86_64 | 0.1.1 | 146.00 | NOTE | |||
r-release-windows-x86_64 | 0.1.1 | 19.00 | 180.00 | 199.00 | NOTE | |
r-oldrel-macos-arm64 | 0.1.1 | 98.00 | NOTE | |||
r-oldrel-macos-x86_64 | 0.1.1 | 161.00 | NOTE | |||
r-oldrel-windows-x86_64 | 0.1.1 | 24.00 | 232.00 | 256.00 | NOTE |
Version: 0.1.1
Check: LazyData
Result: NOTE
'LazyData' is specified without a 'data' directory
Flavors: r-devel-linux-x86_64-debian-clang, r-devel-linux-x86_64-debian-gcc, r-devel-linux-x86_64-fedora-clang, r-devel-linux-x86_64-fedora-gcc, r-devel-windows-x86_64, r-patched-linux-x86_64, r-release-linux-x86_64, r-release-macos-arm64, r-release-macos-x86_64, r-release-windows-x86_64, r-oldrel-macos-arm64, r-oldrel-macos-x86_64, r-oldrel-windows-x86_64
Version: 0.1.1
Check: dependencies in R code
Result: NOTE
Namespaces in Imports field not imported from:
‘MASS’ ‘grid’
All declared Imports should be used.
Flavors: r-devel-linux-x86_64-fedora-clang, r-devel-linux-x86_64-fedora-gcc
Version: 0.1.1
Check: Rd cross-references
Result: NOTE
Undeclared packages ‘GenOrd’, ‘PoisNor’ in Rd xrefs
Flavor: r-devel-linux-x86_64-fedora-clang