Last updated on 2024-06-30 02:58:55 CEST.
Flavor | Version | Tinstall | Tcheck | Ttotal | Status | Flags |
---|---|---|---|---|---|---|
r-devel-linux-x86_64-debian-clang | 1.1 | 34.80 | 29.12 | 63.92 | NOTE | |
r-devel-linux-x86_64-debian-gcc | 1.1 | 25.73 | 22.28 | 48.01 | NOTE | |
r-devel-linux-x86_64-fedora-clang | 1.1 | 92.57 | NOTE | |||
r-devel-linux-x86_64-fedora-gcc | 1.1 | 91.75 | NOTE | |||
r-devel-windows-x86_64 | 1.1 | 28.00 | 62.00 | 90.00 | NOTE | |
r-patched-linux-x86_64 | 1.1 | 30.51 | 27.32 | 57.83 | NOTE | |
r-release-linux-x86_64 | 1.1 | 28.01 | 28.30 | 56.31 | NOTE | |
r-release-macos-arm64 | 1.1 | 25.00 | NOTE | |||
r-release-macos-x86_64 | 1.1 | 37.00 | NOTE | |||
r-release-windows-x86_64 | 1.1 | 30.00 | 62.00 | 92.00 | NOTE | |
r-oldrel-macos-arm64 | 1.1 | 29.00 | NOTE | |||
r-oldrel-macos-x86_64 | 1.1 | 43.00 | NOTE | |||
r-oldrel-windows-x86_64 | 1.1 | 35.00 | 72.00 | 107.00 | NOTE |
Version: 1.1
Check: C++ specification
Result: NOTE
Specified C++11: please drop specification unless essential
Flavors: r-devel-linux-x86_64-debian-clang, r-devel-linux-x86_64-debian-gcc, r-devel-linux-x86_64-fedora-clang, r-devel-linux-x86_64-fedora-gcc, r-devel-windows-x86_64, r-patched-linux-x86_64, r-release-linux-x86_64, r-release-macos-arm64, r-release-macos-x86_64, r-release-windows-x86_64, r-oldrel-macos-arm64, r-oldrel-macos-x86_64, r-oldrel-windows-x86_64