Last updated on 2024-06-16 02:55:37 CEST.
Flavor | Version | Tinstall | Tcheck | Ttotal | Status | Flags |
---|---|---|---|---|---|---|
r-devel-linux-x86_64-debian-clang | 1.0.5 | 64.42 | 44.84 | 109.26 | NOTE | |
r-devel-linux-x86_64-debian-gcc | 1.0.5 | 47.77 | 34.78 | 82.55 | NOTE | |
r-devel-linux-x86_64-fedora-clang | 1.0.5 | 144.09 | NOTE | |||
r-devel-linux-x86_64-fedora-gcc | 1.0.5 | 166.65 | NOTE | |||
r-devel-windows-x86_64 | 1.0.5 | 51.00 | 76.00 | 127.00 | NOTE | |
r-patched-linux-x86_64 | 1.0.5 | 61.53 | 44.26 | 105.79 | NOTE | |
r-release-linux-x86_64 | 1.0.5 | 63.20 | 44.73 | 107.93 | NOTE | |
r-release-macos-arm64 | 1.0.5 | 35.00 | NOTE | |||
r-release-macos-x86_64 | 1.0.5 | 57.00 | NOTE | |||
r-release-windows-x86_64 | 1.0.5 | 53.00 | 82.00 | 135.00 | NOTE | |
r-oldrel-macos-arm64 | 1.0.5 | 44.00 | NOTE | |||
r-oldrel-macos-x86_64 | 1.0.5 | 69.00 | NOTE | |||
r-oldrel-windows-x86_64 | 1.0.5 | 66.00 | 93.00 | 159.00 | NOTE |
Version: 1.0.5
Check: C++ specification
Result: NOTE
Specified C++11: please drop specification unless essential
Flavors: r-devel-linux-x86_64-debian-clang, r-devel-linux-x86_64-debian-gcc, r-devel-linux-x86_64-fedora-clang, r-devel-linux-x86_64-fedora-gcc, r-devel-windows-x86_64, r-patched-linux-x86_64, r-release-linux-x86_64, r-release-macos-arm64, r-release-macos-x86_64, r-release-windows-x86_64, r-oldrel-macos-arm64, r-oldrel-macos-x86_64, r-oldrel-windows-x86_64
Version: 1.0.5
Check: installed package size
Result: NOTE
installed size is 5.6Mb
sub-directories of 1Mb or more:
libs 5.3Mb
Flavors: r-release-macos-arm64, r-release-macos-x86_64, r-oldrel-macos-arm64, r-oldrel-macos-x86_64