Last updated on 2024-08-16 03:49:38 CEST.
Flavor | Version | Tinstall | Tcheck | Ttotal | Status | Flags |
---|---|---|---|---|---|---|
r-devel-linux-x86_64-debian-clang | 1.1.0 | 7.23 | 239.10 | 246.33 | OK | |
r-devel-linux-x86_64-debian-gcc | 1.1.0 | 5.77 | 136.83 | 142.60 | OK | |
r-devel-linux-x86_64-fedora-clang | 1.1.0 | 397.08 | NOTE | |||
r-devel-linux-x86_64-fedora-gcc | 1.1.0 | 392.24 | OK | |||
r-devel-windows-x86_64 | 1.1.0 | 10.00 | 282.00 | 292.00 | OK | |
r-patched-linux-x86_64 | 1.1.0 | 7.92 | 224.18 | 232.10 | OK | |
r-release-linux-x86_64 | 1.1.0 | 7.45 | 224.20 | 231.65 | OK | |
r-release-macos-arm64 | 1.1.0 | 100.00 | NOTE | |||
r-release-macos-x86_64 | 1.1.0 | 190.00 | NOTE | |||
r-release-windows-x86_64 | 1.1.0 | 11.00 | 281.00 | 292.00 | OK | |
r-oldrel-macos-arm64 | 1.1.0 | 109.00 | NOTE | |||
r-oldrel-macos-x86_64 | 1.1.0 | 215.00 | NOTE | |||
r-oldrel-windows-x86_64 | 1.1.0 | 12.00 | 357.00 | 369.00 | NOTE |
Version: 1.1.0
Check: installed package size
Result: NOTE
installed size is 5.0Mb
sub-directories of 1Mb or more:
data 2.9Mb
doc 1.8Mb
Flavors: r-devel-linux-x86_64-fedora-clang, r-release-macos-arm64, r-release-macos-x86_64, r-oldrel-macos-arm64, r-oldrel-macos-x86_64, r-oldrel-windows-x86_64