Last updated on 2024-06-30 02:58:55 CEST.
Flavor | Version | Tinstall | Tcheck | Ttotal | Status | Flags |
---|---|---|---|---|---|---|
r-devel-linux-x86_64-debian-clang | 0.5.1 | 36.44 | 90.48 | 126.92 | NOTE | |
r-devel-linux-x86_64-debian-gcc | 0.5.1 | 26.53 | 67.53 | 94.06 | NOTE | |
r-devel-linux-x86_64-fedora-clang | 0.5.1 | 171.63 | NOTE | |||
r-devel-linux-x86_64-fedora-gcc | 0.5.1 | 167.95 | NOTE | |||
r-devel-windows-x86_64 | 0.5.1 | 31.00 | 101.00 | 132.00 | NOTE | |
r-patched-linux-x86_64 | 0.5.1 | 33.71 | 89.05 | 122.76 | NOTE | |
r-release-linux-x86_64 | 0.5.1 | 29.47 | 88.89 | 118.36 | NOTE | |
r-release-macos-arm64 | 0.5.1 | 50.00 | NOTE | |||
r-release-macos-x86_64 | 0.5.1 | 75.00 | NOTE | |||
r-release-windows-x86_64 | 0.5.1 | 33.00 | 97.00 | 130.00 | NOTE | |
r-oldrel-macos-arm64 | 0.5.1 | 51.00 | NOTE | |||
r-oldrel-macos-x86_64 | 0.5.1 | 79.00 | NOTE | |||
r-oldrel-windows-x86_64 | 0.5.1 | 39.00 | 121.00 | 160.00 | NOTE |
Version: 0.5.1
Check: C++ specification
Result: NOTE
Specified C++11: please drop specification unless essential
Flavors: r-devel-linux-x86_64-debian-clang, r-devel-linux-x86_64-debian-gcc, r-devel-linux-x86_64-fedora-clang, r-devel-linux-x86_64-fedora-gcc, r-devel-windows-x86_64, r-patched-linux-x86_64, r-release-linux-x86_64, r-release-macos-arm64, r-release-macos-x86_64, r-release-windows-x86_64, r-oldrel-macos-arm64, r-oldrel-macos-x86_64, r-oldrel-windows-x86_64