Last updated on 2024-06-30 02:58:56 CEST.
Flavor | Version | Tinstall | Tcheck | Ttotal | Status | Flags |
---|---|---|---|---|---|---|
r-devel-linux-x86_64-debian-clang | 0.1.6.3 | 121.53 | 68.63 | 190.16 | OK | |
r-devel-linux-x86_64-debian-gcc | 0.1.6.3 | 87.53 | 52.67 | 140.20 | OK | |
r-devel-linux-x86_64-fedora-clang | 0.1.6.3 | 260.69 | OK | |||
r-devel-linux-x86_64-fedora-gcc | 0.1.6.3 | 284.57 | OK | |||
r-devel-windows-x86_64 | 0.1.6.3 | 107.00 | 94.00 | 201.00 | OK | |
r-patched-linux-x86_64 | 0.1.6.3 | 103.68 | 67.85 | 171.53 | OK | |
r-release-linux-x86_64 | 0.1.6.3 | 104.99 | 66.06 | 171.05 | OK | |
r-release-macos-arm64 | 0.1.6.3 | 59.00 | NOTE | |||
r-release-macos-x86_64 | 0.1.6.3 | 64.00 | NOTE | |||
r-release-windows-x86_64 | 0.1.6.3 | 107.00 | 91.00 | 198.00 | OK | |
r-oldrel-macos-arm64 | 0.1.6.3 | 77.00 | NOTE | |||
r-oldrel-macos-x86_64 | 0.1.6.3 | 69.00 | NOTE | |||
r-oldrel-windows-x86_64 | 0.1.6.3 | 127.00 | 110.00 | 237.00 | OK |
Version: 0.1.6.3
Check: installed package size
Result: NOTE
installed size is 5.6Mb
sub-directories of 1Mb or more:
libs 5.5Mb
Flavors: r-release-macos-arm64, r-release-macos-x86_64, r-oldrel-macos-arm64, r-oldrel-macos-x86_64