Last updated on 2024-06-30 02:58:57 CEST.
Flavor | Version | Tinstall | Tcheck | Ttotal | Status | Flags |
---|---|---|---|---|---|---|
r-devel-linux-x86_64-debian-clang | 0.2.6 | 163.66 | 56.52 | 220.18 | NOTE | |
r-devel-linux-x86_64-debian-gcc | 0.2.6 | 115.68 | 40.75 | 156.43 | NOTE | |
r-devel-linux-x86_64-fedora-clang | 0.2.6 | 324.08 | NOTE | |||
r-devel-linux-x86_64-fedora-gcc | 0.2.6 | 324.90 | NOTE | |||
r-devel-windows-x86_64 | 0.2.6 | 162.00 | 86.00 | 248.00 | NOTE | |
r-patched-linux-x86_64 | 0.2.6 | 135.23 | 53.02 | 188.25 | NOTE | |
r-release-linux-x86_64 | 0.2.6 | 129.19 | 53.54 | 182.73 | NOTE | |
r-release-macos-arm64 | 0.2.6 | 58.00 | NOTE | |||
r-release-macos-x86_64 | 0.2.6 | 62.00 | NOTE | |||
r-release-windows-x86_64 | 0.2.6 | 157.00 | 88.00 | 245.00 | NOTE | |
r-oldrel-macos-arm64 | 0.2.6 | 76.00 | OK | |||
r-oldrel-macos-x86_64 | 0.2.6 | 121.00 | OK | |||
r-oldrel-windows-x86_64 | 0.2.6 | 185.00 | 104.00 | 289.00 | OK |
Version: 0.2.6
Check: Rd files
Result: NOTE
checkRd: (-1) vic_param.Rd:311: Lost braces
311 | albedo must be supplied in code{forcing_veg}. Default = 1.}
| ^
checkRd: (-1) vic_param.Rd:323: Lost braces
323 | supplied in code{forcing_veg}. Default = 1.}
| ^
checkRd: (-1) vic_param.Rd:341: Lost braces
341 | be supplied in code{forcing_veg} Default = 0.}
| ^
Flavors: r-devel-linux-x86_64-debian-clang, r-devel-linux-x86_64-debian-gcc, r-devel-linux-x86_64-fedora-clang, r-devel-linux-x86_64-fedora-gcc, r-devel-windows-x86_64, r-patched-linux-x86_64, r-release-linux-x86_64, r-release-macos-arm64, r-release-macos-x86_64, r-release-windows-x86_64