Last updated on 2024-06-30 02:58:37 CEST.
Flavor | Version | Tinstall | Tcheck | Ttotal | Status | Flags |
---|---|---|---|---|---|---|
r-devel-linux-x86_64-debian-clang | 0.2.4 | 311.44 | 142.24 | 453.68 | OK | |
r-devel-linux-x86_64-debian-gcc | 0.2.4 | 197.32 | 99.01 | 296.33 | OK | |
r-devel-linux-x86_64-fedora-clang | 0.2.4 | 653.43 | OK | |||
r-devel-linux-x86_64-fedora-gcc | 0.2.4 | 631.36 | OK | |||
r-devel-windows-x86_64 | 0.2.4 | 230.00 | 150.00 | 380.00 | OK | |
r-patched-linux-x86_64 | 0.2.4 | 231.67 | 128.39 | 360.06 | OK | |
r-release-linux-x86_64 | 0.2.4 | 234.74 | 131.85 | 366.59 | OK | |
r-release-macos-arm64 | 0.2.4 | 131.00 | NOTE | |||
r-release-macos-x86_64 | 0.2.4 | 138.00 | NOTE | |||
r-release-windows-x86_64 | 0.2.4 | 226.00 | 148.00 | 374.00 | OK | |
r-oldrel-macos-arm64 | 0.2.4 | 133.00 | NOTE | |||
r-oldrel-macos-x86_64 | 0.2.4 | 152.00 | NOTE | |||
r-oldrel-windows-x86_64 | 0.2.4 | 278.00 | 184.00 | 462.00 | OK |
Version: 0.2.4
Check: installed package size
Result: NOTE
installed size is 5.8Mb
sub-directories of 1Mb or more:
libs 5.3Mb
Flavors: r-release-macos-arm64, r-release-macos-x86_64, r-oldrel-macos-arm64, r-oldrel-macos-x86_64