Last updated on 2024-06-30 02:58:36 CEST.
Flavor | Version | Tinstall | Tcheck | Ttotal | Status | Flags |
---|---|---|---|---|---|---|
r-devel-linux-x86_64-debian-clang | 1.10 | 41.83 | 66.81 | 108.64 | NOTE | |
r-devel-linux-x86_64-debian-gcc | 1.10 | 26.16 | 48.49 | 74.65 | NOTE | |
r-devel-linux-x86_64-fedora-clang | 1.10 | 147.81 | NOTE | |||
r-devel-linux-x86_64-fedora-gcc | 1.10 | 131.69 | NOTE | |||
r-devel-windows-x86_64 | 1.10 | 31.00 | 92.00 | 123.00 | NOTE | |
r-patched-linux-x86_64 | 1.10 | 27.35 | 62.31 | 89.66 | NOTE | |
r-release-linux-x86_64 | 1.10 | 30.61 | 62.48 | 93.09 | NOTE | |
r-release-macos-arm64 | 1.10 | 38.00 | NOTE | |||
r-release-macos-x86_64 | 1.10 | 76.00 | NOTE | |||
r-release-windows-x86_64 | 1.10 | 31.00 | 89.00 | 120.00 | NOTE | |
r-oldrel-macos-arm64 | 1.10 | 41.00 | NOTE | |||
r-oldrel-macos-x86_64 | 1.10 | 65.00 | NOTE | |||
r-oldrel-windows-x86_64 | 1.10 | 38.00 | 105.00 | 143.00 | NOTE |
Version: 1.10
Check: C++ specification
Result: NOTE
Specified C++11: please drop specification unless essential
Flavors: r-devel-linux-x86_64-debian-clang, r-devel-linux-x86_64-debian-gcc, r-devel-linux-x86_64-fedora-clang, r-devel-linux-x86_64-fedora-gcc, r-devel-windows-x86_64, r-patched-linux-x86_64, r-release-linux-x86_64, r-release-macos-arm64, r-release-macos-x86_64, r-release-windows-x86_64, r-oldrel-macos-arm64, r-oldrel-macos-x86_64, r-oldrel-windows-x86_64
Version: 1.10
Check: Rd files
Result: NOTE
checkRd: (-1) overstallwoods.Rd:184-185: Lost braces in \itemize; \value handles \item{}{} directly
checkRd: (-1) overstallwoods.Rd:186-187: Lost braces in \itemize; \value handles \item{}{} directly
checkRd: (-1) overstallwoods.Rd:188-189: Lost braces in \itemize; \value handles \item{}{} directly
checkRd: (-1) overstallwoods.Rd:190-191: Lost braces in \itemize; \value handles \item{}{} directly
Flavors: r-devel-linux-x86_64-debian-clang, r-devel-linux-x86_64-debian-gcc, r-devel-linux-x86_64-fedora-clang, r-devel-linux-x86_64-fedora-gcc, r-devel-windows-x86_64, r-patched-linux-x86_64, r-release-linux-x86_64, r-release-macos-arm64, r-release-macos-x86_64, r-release-windows-x86_64