Last updated on 2024-06-16 02:55:18 CEST.
Flavor | Version | Tinstall | Tcheck | Ttotal | Status | Flags |
---|---|---|---|---|---|---|
r-devel-linux-x86_64-debian-clang | 2.1.1 | 30.84 | 433.12 | 463.96 | OK | |
r-devel-linux-x86_64-debian-gcc | 2.1.1 | 23.07 | 301.77 | 324.84 | OK | |
r-devel-linux-x86_64-fedora-clang | 2.1.1 | 567.73 | NOTE | |||
r-devel-linux-x86_64-fedora-gcc | 2.1.1 | 552.38 | OK | |||
r-devel-windows-x86_64 | 2.1.1 | 24.00 | 306.00 | 330.00 | OK | |
r-patched-linux-x86_64 | 2.1.1 | 20.59 | 419.22 | 439.81 | OK | |
r-release-linux-x86_64 | 2.1.1 | 19.27 | 411.42 | 430.69 | OK | |
r-release-macos-arm64 | 2.1.1 | 152.00 | OK | |||
r-release-macos-x86_64 | 2.1.1 | 218.00 | OK | |||
r-release-windows-x86_64 | 2.1.1 | 24.00 | 305.00 | 329.00 | OK | |
r-oldrel-macos-arm64 | 2.1.1 | 165.00 | OK | |||
r-oldrel-macos-x86_64 | 2.1.1 | 364.00 | OK | |||
r-oldrel-windows-x86_64 | 2.1.1 | 31.00 | 395.00 | 426.00 | OK |
Version: 2.1.1
Check: package dependencies
Result: NOTE
Imports includes 26 non-default packages.
Importing from so many packages makes the package vulnerable to any of
them becoming unavailable. Move as many as possible to Suggests and
use conditionally.
Flavor: r-devel-linux-x86_64-fedora-clang