Last updated on 2024-06-30 02:58:36 CEST.
Flavor | Version | Tinstall | Tcheck | Ttotal | Status | Flags |
---|---|---|---|---|---|---|
r-devel-linux-x86_64-debian-clang | 1.1.1 | 59.98 | 42.49 | 102.47 | OK | |
r-devel-linux-x86_64-debian-gcc | 1.1.1 | 43.25 | 31.74 | 74.99 | OK | |
r-devel-linux-x86_64-fedora-clang | 1.1.1 | 149.99 | NOTE | |||
r-devel-linux-x86_64-fedora-gcc | 1.1.1 | 150.95 | NOTE | |||
r-devel-windows-x86_64 | 1.1.1 | 50.00 | 77.00 | 127.00 | OK | |
r-patched-linux-x86_64 | 1.1.1 | 51.86 | 41.31 | 93.17 | OK | |
r-release-linux-x86_64 | 1.1.1 | 49.41 | 41.25 | 90.66 | OK | |
r-release-macos-arm64 | 1.1.1 | 36.00 | OK | |||
r-release-macos-x86_64 | 1.1.1 | 51.00 | OK | |||
r-release-windows-x86_64 | 1.1.1 | 49.00 | 74.00 | 123.00 | OK | |
r-oldrel-macos-arm64 | 1.1.1 | 41.00 | OK | |||
r-oldrel-macos-x86_64 | 1.1.1 | 67.00 | OK | |||
r-oldrel-windows-x86_64 | 1.1.1 | 58.00 | 87.00 | 145.00 | OK |
Version: 1.1.1
Check: dependencies in R code
Result: NOTE
Namespaces in Imports field not imported from:
‘MASS’ ‘RcppProgress’
All declared Imports should be used.
Flavors: r-devel-linux-x86_64-fedora-clang, r-devel-linux-x86_64-fedora-gcc