Last updated on 2024-06-30 02:58:36 CEST.
Flavor | Version | Tinstall | Tcheck | Ttotal | Status | Flags |
---|---|---|---|---|---|---|
r-devel-linux-x86_64-debian-clang | 0.12.0 | 41.26 | 23.13 | 64.39 | OK | |
r-devel-linux-x86_64-debian-gcc | 0.12.0 | 36.47 | 18.46 | 54.93 | OK | |
r-devel-linux-x86_64-fedora-clang | 0.12.0 | 96.74 | OK | |||
r-devel-linux-x86_64-fedora-gcc | 0.12.0 | 112.85 | OK | |||
r-devel-windows-x86_64 | 0.12.0 | 48.00 | 116.00 | 164.00 | NOTE | |
r-patched-linux-x86_64 | 0.12.0 | 42.53 | 22.18 | 64.71 | OK | |
r-release-linux-x86_64 | 0.12.0 | 47.03 | 22.85 | 69.88 | OK | |
r-release-macos-arm64 | 0.12.0 | 31.00 | NOTE | |||
r-release-macos-x86_64 | 0.12.0 | 52.00 | NOTE | |||
r-release-windows-x86_64 | 0.12.0 | 48.00 | 102.00 | 150.00 | NOTE | |
r-oldrel-macos-arm64 | 0.12.0 | 561.00 | NOTE | |||
r-oldrel-macos-x86_64 | 0.12.0 | 510.00 | NOTE | |||
r-oldrel-windows-x86_64 | 0.12.0 | 57.00 | 125.00 | 182.00 | NOTE |
Version: 0.12.0
Check: installed package size
Result: NOTE
installed size is 6.7Mb
sub-directories of 1Mb or more:
libs 6.7Mb
Flavors: r-devel-windows-x86_64, r-release-macos-arm64, r-release-macos-x86_64, r-release-windows-x86_64, r-oldrel-macos-arm64, r-oldrel-macos-x86_64, r-oldrel-windows-x86_64